Last updated on 2025-04-30 04:50:13 CEST.
Flavor | Version | Tinstall | Tcheck | Ttotal | Status | Flags |
---|---|---|---|---|---|---|
r-devel-linux-x86_64-debian-clang | 0.1.2 | 15.39 | 198.52 | 213.91 | OK | |
r-devel-linux-x86_64-debian-gcc | 0.1.2 | 10.48 | 126.09 | 136.57 | OK | |
r-devel-linux-x86_64-fedora-clang | 0.1.2 | 376.28 | OK | |||
r-devel-linux-x86_64-fedora-gcc | 0.1.2 | 336.40 | OK | |||
r-devel-windows-x86_64 | 0.1.2 | 16.00 | 198.00 | 214.00 | OK | |
r-patched-linux-x86_64 | 0.1.2 | 14.53 | 183.69 | 198.22 | OK | |
r-release-linux-x86_64 | 0.1.2 | 14.84 | 182.23 | 197.07 | OK | |
r-release-macos-arm64 | 0.1.2 | 92.00 | OK | |||
r-release-macos-x86_64 | 0.1.2 | 169.00 | OK | |||
r-release-windows-x86_64 | 0.1.2 | 18.00 | 201.00 | 219.00 | OK | |
r-oldrel-macos-arm64 | 0.1.2 | 90.00 | NOTE | |||
r-oldrel-macos-x86_64 | 0.1.2 | 139.00 | NOTE | |||
r-oldrel-windows-x86_64 | 0.1.2 | 22.00 | 250.00 | 272.00 | NOTE |
Version: 0.1.2
Check: LazyData
Result: NOTE
'LazyData' is specified without a 'data' directory
Flavors: r-oldrel-macos-arm64, r-oldrel-macos-x86_64, r-oldrel-windows-x86_64