Last updated on 2025-04-30 04:50:13 CEST.
Flavor | Version | Tinstall | Tcheck | Ttotal | Status | Flags |
---|---|---|---|---|---|---|
r-devel-linux-x86_64-debian-clang | 0.2.0 | 13.67 | 122.21 | 135.88 | NOTE | |
r-devel-linux-x86_64-debian-gcc | 0.2.0 | 10.24 | 84.29 | 94.53 | NOTE | |
r-devel-linux-x86_64-fedora-clang | 0.2.0 | 196.64 | OK | |||
r-devel-linux-x86_64-fedora-gcc | 0.2.0 | 192.52 | OK | |||
r-devel-windows-x86_64 | 0.2.0 | 15.00 | 128.00 | 143.00 | OK | |
r-patched-linux-x86_64 | 0.2.0 | 15.71 | 116.27 | 131.98 | OK | |
r-release-linux-x86_64 | 0.2.0 | 14.66 | 114.40 | 129.06 | OK | |
r-release-macos-arm64 | 0.2.0 | 57.00 | OK | |||
r-release-macos-x86_64 | 0.2.0 | 143.00 | OK | |||
r-release-windows-x86_64 | 0.2.0 | 17.00 | 127.00 | 144.00 | OK | |
r-oldrel-macos-arm64 | 0.2.0 | 59.00 | OK | |||
r-oldrel-macos-x86_64 | 0.2.0 | 130.00 | OK | |||
r-oldrel-windows-x86_64 | 0.2.0 | 20.00 | 166.00 | 186.00 | OK |
Version: 0.2.0
Check: examples
Result: NOTE
Examples with CPU (user + system) or elapsed time > 5s
user system elapsed
Qnetplot 7.114 0.099 9.376
Flavor: r-devel-linux-x86_64-debian-clang
Version: 0.2.0
Check: examples
Result: NOTE
Examples with CPU (user + system) or elapsed time > 5s
user system elapsed
Qnetplot 4.205 0.097 5.097
Flavor: r-devel-linux-x86_64-debian-gcc