Last updated on 2025-11-04 03:50:59 CET.
| Flavor | Version | Tinstall | Tcheck | Ttotal | Status | Flags | 
|---|---|---|---|---|---|---|
| r-devel-linux-x86_64-debian-clang | 2.0.1 | 1.79 | 21.35 | 23.14 | NOTE | |
| r-devel-linux-x86_64-debian-gcc | 2.0.1 | 1.43 | 17.36 | 18.79 | NOTE | |
| r-devel-linux-x86_64-fedora-clang | 2.0.1 | 36.99 | OK | |||
| r-devel-linux-x86_64-fedora-gcc | 2.0.1 | 32.32 | OK | |||
| r-devel-windows-x86_64 | 2.0.1 | 2.00 | 42.00 | 44.00 | OK | |
| r-patched-linux-x86_64 | 2.0.1 | 1.73 | 20.21 | 21.94 | OK | |
| r-release-linux-x86_64 | 2.0.1 | 1.66 | 20.37 | 22.03 | OK | |
| r-release-macos-arm64 | 2.0.1 | 1.00 | 14.00 | 15.00 | OK | |
| r-release-macos-x86_64 | 2.0.1 | 3.00 | 23.00 | 26.00 | OK | |
| r-release-windows-x86_64 | 2.0.1 | 3.00 | 41.00 | 44.00 | OK | |
| r-oldrel-macos-arm64 | 2.0.1 | 1.00 | 18.00 | 19.00 | OK | |
| r-oldrel-macos-x86_64 | 2.0.1 | 1.00 | 20.00 | 21.00 | OK | |
| r-oldrel-windows-x86_64 | 2.0.1 | 3.00 | 42.00 | 45.00 | OK | 
Version: 2.0.1
Check: CRAN incoming feasibility
Result: NOTE
  Maintainer: ‘Suhai (Timothy) Liu <tim.liu@alumni.duke.edu>’
  
  No Authors@R field in DESCRIPTION.
  Please add one, modifying
    Authors@R: c(person(given = "Suhai",
                        family = "Liu",
                        role = "aut",
                        comment = "Timothy"),
                 person(given = "Suhai",
                        family = "Liu",
                        role = "cre",
                        email = "tim.liu@alumni.duke.edu",
                        comment = "Timothy"))
  as necessary.
Flavors: r-devel-linux-x86_64-debian-clang, r-devel-linux-x86_64-debian-gcc