CRAN Package Check Results for Package NMMIPW

Last updated on 2025-04-30 04:50:13 CEST.

Flavor Version Tinstall Tcheck Ttotal Status Flags
r-devel-linux-x86_64-debian-clang 0.1.0 6.98 77.72 84.70 NOTE
r-devel-linux-x86_64-debian-gcc 0.1.0 5.38 53.75 59.13 NOTE
r-devel-linux-x86_64-fedora-clang 0.1.0 132.93 OK
r-devel-linux-x86_64-fedora-gcc 0.1.0 127.81 OK
r-devel-windows-x86_64 0.1.0 8.00 91.00 99.00 OK
r-patched-linux-x86_64 0.1.0 6.89 73.35 80.24 OK
r-release-linux-x86_64 0.1.0 6.31 73.50 79.81 OK
r-release-macos-arm64 0.1.0 41.00 OK
r-release-macos-x86_64 0.1.0 77.00 OK
r-release-windows-x86_64 0.1.0 7.00 91.00 98.00 OK
r-oldrel-macos-arm64 0.1.0 38.00 OK
r-oldrel-macos-x86_64 0.1.0 55.00 OK
r-oldrel-windows-x86_64 0.1.0 10.00 119.00 129.00 OK

Check Details

Version: 0.1.0
Check: examples
Result: NOTE Examples with CPU (user + system) or elapsed time > 5s user system elapsed nmm_fit 10.680 0.084 13.287 summary.NMMIPW 9.478 0.001 11.764 Flavor: r-devel-linux-x86_64-debian-clang

Version: 0.1.0
Check: examples
Result: NOTE Examples with CPU (user + system) or elapsed time > 5s user system elapsed nmm_fit 5.978 0.102 7.245 summary.NMMIPW 4.760 0.011 5.522 Flavor: r-devel-linux-x86_64-debian-gcc