CRAN Package Check Results for Package NNMIS

Last updated on 2025-02-22 05:51:45 CET.

Flavor Version Tinstall Tcheck Ttotal Status Flags
r-devel-linux-x86_64-debian-clang 1.0.1 2.54 25.02 27.56 OK
r-devel-linux-x86_64-debian-gcc 1.0.1 1.53 19.29 20.82 OK
r-devel-linux-x86_64-fedora-clang 1.0.1 44.40 OK
r-devel-linux-x86_64-fedora-gcc 1.0.1 43.11 OK
r-devel-macos-arm64 1.0.1 19.00 OK
r-devel-macos-x86_64 1.0.1 30.00 OK
r-devel-windows-x86_64 1.0.1 3.00 47.00 50.00 OK
r-patched-linux-x86_64 1.0.1 2.26 24.07 26.33 NOTE
r-release-linux-x86_64 1.0.1 2.16 23.83 25.99 NOTE
r-release-macos-arm64 1.0.1 17.00 NOTE
r-release-macos-x86_64 1.0.1 24.00 NOTE
r-release-windows-x86_64 1.0.1 4.00 45.00 49.00 NOTE
r-oldrel-macos-arm64 1.0.1 20.00 NOTE
r-oldrel-macos-x86_64 1.0.1 25.00 NOTE
r-oldrel-windows-x86_64 1.0.1 3.00 48.00 51.00 NOTE

Check Details

Version: 1.0.1
Check: LazyData
Result: NOTE 'LazyData' is specified without a 'data' directory Flavors: r-patched-linux-x86_64, r-release-linux-x86_64, r-release-macos-arm64, r-release-macos-x86_64, r-release-windows-x86_64, r-oldrel-macos-arm64, r-oldrel-macos-x86_64, r-oldrel-windows-x86_64