Last updated on 2025-04-30 04:50:13 CEST.
Flavor | Version | Tinstall | Tcheck | Ttotal | Status | Flags |
---|---|---|---|---|---|---|
r-devel-linux-x86_64-debian-clang | 11.2 | 39.68 | 172.36 | 212.04 | OK | |
r-devel-linux-x86_64-debian-gcc | 11.3 | 29.37 | 121.77 | 151.14 | OK | |
r-devel-linux-x86_64-fedora-clang | 11.3 | 349.64 | OK | |||
r-devel-linux-x86_64-fedora-gcc | 11.3 | 344.59 | OK | |||
r-devel-windows-x86_64 | 11.3 | 52.00 | 187.00 | 239.00 | OK | |
r-patched-linux-x86_64 | 11.2 | 40.93 | 142.92 | 183.85 | OK | |
r-release-linux-x86_64 | 11.2 | 38.67 | 145.96 | 184.63 | OK | |
r-release-macos-arm64 | 11.3 | 92.00 | OK | |||
r-release-macos-x86_64 | 11.3 | 192.00 | OK | |||
r-release-windows-x86_64 | 11.3 | 56.00 | 192.00 | 248.00 | OK | |
r-oldrel-macos-arm64 | 11.3 | 94.00 | NOTE | |||
r-oldrel-macos-x86_64 | 11.3 | 182.00 | NOTE | |||
r-oldrel-windows-x86_64 | 11.2 | 60.00 | 219.00 | 279.00 | NOTE |
Version: 11.3
Check: for GNU extensions in Makefiles
Result: NOTE
GNU make is a SystemRequirements.
Flavors: r-oldrel-macos-arm64, r-oldrel-macos-x86_64
Version: 11.2
Check: for GNU extensions in Makefiles
Result: NOTE
GNU make is a SystemRequirements.
Flavor: r-oldrel-windows-x86_64