Last updated on 2025-04-30 04:50:13 CEST.
Flavor | Version | Tinstall | Tcheck | Ttotal | Status | Flags |
---|---|---|---|---|---|---|
r-devel-linux-x86_64-debian-clang | 0.1 | 6.33 | 57.22 | 63.55 | NOTE | |
r-devel-linux-x86_64-debian-gcc | 0.1 | 4.74 | 41.63 | 46.37 | NOTE | |
r-devel-linux-x86_64-fedora-clang | 0.1 | 99.35 | NOTE | |||
r-devel-linux-x86_64-fedora-gcc | 0.1 | 96.20 | NOTE | |||
r-devel-windows-x86_64 | 0.1 | 8.00 | 78.00 | 86.00 | NOTE | |
r-patched-linux-x86_64 | 0.1 | 7.73 | 54.87 | 62.60 | NOTE | |
r-release-linux-x86_64 | 0.1 | 7.24 | 54.63 | 61.87 | NOTE | |
r-release-macos-arm64 | 0.1 | 36.00 | NOTE | |||
r-release-macos-x86_64 | 0.1 | 54.00 | NOTE | |||
r-release-windows-x86_64 | 0.1 | 8.00 | 77.00 | 85.00 | NOTE | |
r-oldrel-macos-arm64 | 0.1 | 32.00 | NOTE | |||
r-oldrel-macos-x86_64 | 0.1 | 46.00 | NOTE | |||
r-oldrel-windows-x86_64 | 0.1 | 10.00 | 86.00 | 96.00 | NOTE |
Version: 0.1
Check: CRAN incoming feasibility
Result: NOTE
Maintainer: ‘Dimitrios Bagkavos <dimitrios.bagkavos@gmail.com>’
Found the following URLs which should use \doi (with the DOI name only):
File ‘DefVarBandRule.Rd’:
http://dx.doi.org/10.1080/03610920802364088
File ‘DiscHazRateAuxFunctions.Rd’:
https://doi.org/10.1007/BF00128979
File ‘TransHazRateEst.Rd’:
http://dx.doi.org/10.1080/10485250802440184
File ‘TutzPritscher.Rd’:
https://doi.org/10.1007/BF00128979
File ‘VarBandHazEst.Rd’:
http://dx.doi.org/10.1080/03610920802364088
File ‘WeibHazFunctionals.Rd’:
http://dx.doi.org/10.1080/03610920802364088
Flavors: r-devel-linux-x86_64-debian-clang, r-devel-linux-x86_64-debian-gcc
Version: 0.1
Check: Rd files
Result: NOTE
checkRd: (-1) DiscHazRateAuxFunctions.Rd:46: Lost braces in \itemize; meant \describe ?
checkRd: (-1) DiscHazRateAuxFunctions.Rd:47: Lost braces in \itemize; meant \describe ?
checkRd: (-1) DiscHazRateAuxFunctions.Rd:48: Lost braces in \itemize; meant \describe ?
Flavors: r-devel-linux-x86_64-debian-clang, r-devel-linux-x86_64-debian-gcc, r-devel-linux-x86_64-fedora-clang, r-devel-linux-x86_64-fedora-gcc, r-devel-windows-x86_64, r-patched-linux-x86_64, r-release-linux-x86_64, r-release-macos-arm64, r-release-macos-x86_64, r-release-windows-x86_64, r-oldrel-macos-arm64, r-oldrel-macos-x86_64, r-oldrel-windows-x86_64