Last updated on 2025-02-21 03:52:20 CET.
Flavor | Version | Tinstall | Tcheck | Ttotal | Status | Flags |
---|---|---|---|---|---|---|
r-devel-linux-x86_64-debian-clang | 0.1.0 | 1.73 | 23.11 | 24.84 | OK | |
r-devel-linux-x86_64-debian-gcc | 0.1.0 | 1.57 | 18.80 | 20.37 | OK | |
r-devel-linux-x86_64-fedora-clang | 0.1.0 | 40.64 | NOTE | |||
r-devel-linux-x86_64-fedora-gcc | 0.1.0 | 52.79 | NOTE | |||
r-devel-macos-arm64 | 0.1.0 | 25.00 | OK | |||
r-devel-macos-x86_64 | 0.1.0 | 42.00 | OK | |||
r-devel-windows-x86_64 | 0.1.0 | 4.00 | 47.00 | 51.00 | OK | |
r-patched-linux-x86_64 | 0.1.0 | 1.71 | 22.07 | 23.78 | OK | |
r-release-linux-x86_64 | 0.1.0 | 1.80 | 21.99 | 23.79 | OK | |
r-release-macos-arm64 | 0.1.0 | 26.00 | OK | |||
r-release-macos-x86_64 | 0.1.0 | 41.00 | OK | |||
r-release-windows-x86_64 | 0.1.0 | 3.00 | 45.00 | 48.00 | OK | |
r-oldrel-macos-arm64 | 0.1.0 | 23.00 | OK | |||
r-oldrel-macos-x86_64 | 0.1.0 | 33.00 | OK | |||
r-oldrel-windows-x86_64 | 0.1.0 | 4.00 | 46.00 | 50.00 | OK |
Version: 0.1.0
Check: dependencies in R code
Result: NOTE
Namespace in Imports field not imported from: ‘dplyr’
All declared Imports should be used.
Flavors: r-devel-linux-x86_64-fedora-clang, r-devel-linux-x86_64-fedora-gcc