Last updated on 2025-04-30 04:50:13 CEST.
Flavor | Version | Tinstall | Tcheck | Ttotal | Status | Flags |
---|---|---|---|---|---|---|
r-devel-linux-x86_64-debian-clang | 1.19 | 25.28 | 266.08 | 291.36 | NOTE | |
r-devel-linux-x86_64-debian-gcc | 1.19 | 15.69 | 168.18 | 183.87 | OK | |
r-devel-linux-x86_64-fedora-clang | 1.19 | 466.84 | OK | |||
r-devel-linux-x86_64-fedora-gcc | 1.19 | 441.94 | OK | |||
r-devel-windows-x86_64 | 1.19 | 30.00 | 268.00 | 298.00 | OK | |
r-patched-linux-x86_64 | 1.19 | 25.00 | 251.55 | 276.55 | OK | |
r-release-linux-x86_64 | 1.19 | 23.00 | 251.55 | 274.55 | OK | |
r-release-macos-arm64 | 1.19 | 104.00 | OK | |||
r-release-macos-x86_64 | 1.19 | 223.00 | OK | |||
r-release-windows-x86_64 | 1.19 | 28.00 | 270.00 | 298.00 | OK | |
r-oldrel-macos-arm64 | 1.19 | 111.00 | OK | |||
r-oldrel-macos-x86_64 | 1.19 | 160.00 | OK | |||
r-oldrel-windows-x86_64 | 1.19 | 37.00 | 359.00 | 396.00 | OK |
Version: 1.19
Check: examples
Result: NOTE
Examples with CPU (user + system) or elapsed time > 5s
user system elapsed
cFrd 6.882 0.105 9.767
pSkilMack 5.493 0.047 7.766
pDurSkiMa 5.036 0.050 5.870
cSDCFlig 4.651 0.000 5.665
cWNMT 4.649 0.001 5.435
pUmbrPU 4.444 0.005 6.383
cSkilMack 3.945 0.004 5.040
pRangeNor 3.922 0.026 5.289
cRangeNor 3.871 0.004 5.260
pWNMT 3.827 0.031 6.120
Flavor: r-devel-linux-x86_64-debian-clang