Last updated on 2025-04-30 04:50:13 CEST.
Flavor | Version | Tinstall | Tcheck | Ttotal | Status | Flags |
---|---|---|---|---|---|---|
r-devel-linux-x86_64-debian-clang | 1.0.4.2 | 2.25 | 26.33 | 28.58 | OK | |
r-devel-linux-x86_64-debian-gcc | 1.0.4.2 | 1.63 | 21.25 | 22.88 | OK | |
r-devel-linux-x86_64-fedora-clang | 1.0.4.2 | 44.82 | OK | |||
r-devel-linux-x86_64-fedora-gcc | 1.0.4.2 | 56.91 | OK | |||
r-devel-windows-x86_64 | 1.0.4.2 | 5.00 | 73.00 | 78.00 | OK | |
r-patched-linux-x86_64 | 1.0.4.2 | 2.31 | 25.53 | 27.84 | OK | |
r-release-linux-x86_64 | 1.0.4.2 | 2.19 | 25.19 | 27.38 | OK | |
r-release-macos-arm64 | 1.0.4.2 | 26.00 | OK | |||
r-release-macos-x86_64 | 1.0.4.2 | 56.00 | OK | |||
r-release-windows-x86_64 | 1.0.4.2 | 3.00 | 71.00 | 74.00 | OK | |
r-oldrel-macos-arm64 | 1.0.4.2 | 27.00 | NOTE | |||
r-oldrel-macos-x86_64 | 1.0.4.2 | 51.00 | NOTE | |||
r-oldrel-windows-x86_64 | 1.0.4.2 | 4.00 | 65.00 | 69.00 | NOTE |
Version: 1.0.4.2
Check: LazyData
Result: NOTE
'LazyData' is specified without a 'data' directory
Flavors: r-oldrel-macos-arm64, r-oldrel-macos-x86_64, r-oldrel-windows-x86_64