CRAN Package Check Results for Package NVCSSL

Last updated on 2025-04-30 04:50:13 CEST.

Flavor Version Tinstall Tcheck Ttotal Status Flags
r-devel-linux-x86_64-debian-clang 2.0 13.82 113.67 127.49 NOTE
r-devel-linux-x86_64-debian-gcc 2.0 9.81 78.09 87.90 NOTE
r-devel-linux-x86_64-fedora-clang 2.0 187.73 OK
r-devel-linux-x86_64-fedora-gcc 2.0 175.43 OK
r-devel-windows-x86_64 2.0 14.00 117.00 131.00 OK
r-patched-linux-x86_64 2.0 11.51 105.12 116.63 OK
r-release-linux-x86_64 2.0 13.35 104.91 118.26 OK
r-release-macos-arm64 2.0 52.00 OK
r-release-macos-x86_64 2.0 97.00 OK
r-release-windows-x86_64 2.0 14.00 118.00 132.00 OK
r-oldrel-macos-arm64 2.0 55.00 OK
r-oldrel-macos-x86_64 2.0 78.00 OK
r-oldrel-windows-x86_64 2.0 19.00 141.00 160.00 OK

Check Details

Version: 2.0
Check: CRAN incoming feasibility
Result: NOTE Maintainer: ‘Ray Bai <raybaistat@gmail.com>’ No Authors@R field in DESCRIPTION. Please add one, modifying Authors@R: person(given = "Ray", family = "Bai", role = c("aut", "cre"), email = "raybaistat@gmail.com") as necessary. The Description field contains introduced by Bai et al. (2023) <arXiv:1907.06477>. Functions to fit Please refer to arXiv e-prints via their arXiv DOI <doi:10.48550/arXiv.YYMM.NNNNN>. Flavors: r-devel-linux-x86_64-debian-clang, r-devel-linux-x86_64-debian-gcc

Version: 2.0
Check: examples
Result: NOTE Examples with CPU (user + system) or elapsed time > 5s user system elapsed NVC_SSL 4.974 0.134 7.203 Flavor: r-devel-linux-x86_64-debian-clang