Last updated on 2025-04-30 04:50:12 CEST.
Flavor | Version | Tinstall | Tcheck | Ttotal | Status | Flags |
---|---|---|---|---|---|---|
r-devel-linux-x86_64-debian-clang | 1.0.5 | 4.41 | 36.21 | 40.62 | OK | |
r-devel-linux-x86_64-debian-gcc | 1.0.5 | 2.74 | 27.31 | 30.05 | OK | |
r-devel-linux-x86_64-fedora-clang | 1.0.5 | 62.90 | OK | |||
r-devel-linux-x86_64-fedora-gcc | 1.0.5 | 72.54 | OK | |||
r-devel-windows-x86_64 | 1.0.5 | 6.00 | 53.00 | 59.00 | OK | |
r-patched-linux-x86_64 | 1.0.5 | 4.92 | 33.41 | 38.33 | OK | |
r-release-linux-x86_64 | 1.0.5 | 4.94 | 33.11 | 38.05 | OK | |
r-release-macos-arm64 | 1.0.5 | 36.00 | OK | |||
r-release-macos-x86_64 | 1.0.5 | 52.00 | OK | |||
r-release-windows-x86_64 | 1.0.5 | 6.00 | 57.00 | 63.00 | OK | |
r-oldrel-macos-arm64 | 1.0.5 | 37.00 | NOTE | |||
r-oldrel-macos-x86_64 | 1.0.5 | 63.00 | NOTE | |||
r-oldrel-windows-x86_64 | 1.0.5 | 8.00 | 61.00 | 69.00 | NOTE |
Version: 1.0.5
Check: installed package size
Result: NOTE
installed size is 7.6Mb
sub-directories of 1Mb or more:
data 4.0Mb
doc 3.5Mb
Flavors: r-oldrel-macos-arm64, r-oldrel-macos-x86_64, r-oldrel-windows-x86_64