Last updated on 2025-02-22 05:51:45 CET.
Flavor | Version | Tinstall | Tcheck | Ttotal | Status | Flags |
---|---|---|---|---|---|---|
r-devel-linux-x86_64-debian-clang | 1.0 | 1.76 | 19.69 | 21.45 | NOTE | |
r-devel-linux-x86_64-debian-gcc | 1.0 | 1.48 | 15.21 | 16.69 | NOTE | |
r-devel-linux-x86_64-fedora-clang | 1.0 | 34.98 | OK | |||
r-devel-linux-x86_64-fedora-gcc | 1.0 | 34.53 | OK | |||
r-devel-macos-arm64 | 1.0 | 15.00 | OK | |||
r-devel-macos-x86_64 | 1.0 | 36.00 | OK | |||
r-devel-windows-x86_64 | 1.0 | 2.00 | 42.00 | 44.00 | NOTE | |
r-patched-linux-x86_64 | 1.0 | 2.82 | 18.72 | 21.54 | OK | |
r-release-linux-x86_64 | 1.0 | 1.72 | 18.52 | 20.24 | OK | |
r-release-macos-arm64 | 1.0 | 16.00 | OK | |||
r-release-macos-x86_64 | 1.0 | 26.00 | OK | |||
r-release-windows-x86_64 | 1.0 | 3.00 | 40.00 | 43.00 | OK | |
r-oldrel-macos-arm64 | 1.0 | 16.00 | OK | |||
r-oldrel-macos-x86_64 | 1.0 | 21.00 | OK | |||
r-oldrel-windows-x86_64 | 1.0 | 4.00 | 42.00 | 46.00 | OK |
Version: 1.0
Check: Rd cross-references
Result: NOTE
Found the following Rd file(s) with Rd \link{} targets missing package
anchors:
fBracelets.Rd: nPerm
fNecklaces.Rd: nPerm
Please provide package anchors for all Rd \link{} targets not in the
package itself and the base packages.
Flavors: r-devel-linux-x86_64-debian-clang, r-devel-linux-x86_64-debian-gcc, r-devel-windows-x86_64