Last updated on 2025-02-21 03:52:20 CET.
Flavor | Version | Tinstall | Tcheck | Ttotal | Status | Flags |
---|---|---|---|---|---|---|
r-devel-linux-x86_64-debian-clang | 0.3.4 | 41.78 | 97.14 | 138.92 | NOTE | |
r-devel-linux-x86_64-debian-gcc | 0.3.4 | 29.86 | 71.80 | 101.66 | NOTE | |
r-devel-linux-x86_64-fedora-clang | 0.3.4 | 245.81 | NOTE | |||
r-devel-linux-x86_64-fedora-gcc | 0.3.4 | 268.13 | NOTE | |||
r-devel-macos-arm64 | 0.3.4 | 74.00 | NOTE | |||
r-devel-macos-x86_64 | 0.3.4 | 131.00 | NOTE | |||
r-devel-windows-x86_64 | 0.3.4 | 46.00 | 147.00 | 193.00 | NOTE | |
r-patched-linux-x86_64 | 0.3.4 | 41.20 | 96.81 | 138.01 | NOTE | |
r-release-linux-x86_64 | 0.3.4 | 42.07 | 95.14 | 137.21 | NOTE | |
r-release-macos-arm64 | 0.3.4 | 71.00 | NOTE | |||
r-release-macos-x86_64 | 0.3.4 | 98.00 | NOTE | |||
r-release-windows-x86_64 | 0.3.4 | 46.00 | 147.00 | 193.00 | NOTE | |
r-oldrel-macos-arm64 | 0.3.4 | 81.00 | NOTE | |||
r-oldrel-macos-x86_64 | 0.3.4 | 125.00 | NOTE | |||
r-oldrel-windows-x86_64 | 0.3.4 | 57.00 | 167.00 | 224.00 | NOTE |
Version: 0.3.4
Check: C++ specification
Result: NOTE
Specified C++11: please drop specification unless essential
Flavors: r-devel-linux-x86_64-debian-clang, r-devel-linux-x86_64-debian-gcc, r-devel-linux-x86_64-fedora-clang, r-devel-linux-x86_64-fedora-gcc, r-devel-macos-arm64, r-devel-macos-x86_64, r-devel-windows-x86_64, r-patched-linux-x86_64, r-release-linux-x86_64, r-release-macos-arm64, r-release-macos-x86_64, r-release-windows-x86_64, r-oldrel-macos-arm64, r-oldrel-macos-x86_64, r-oldrel-windows-x86_64