Last updated on 2025-02-21 03:52:20 CET.
Flavor | Version | Tinstall | Tcheck | Ttotal | Status | Flags |
---|---|---|---|---|---|---|
r-devel-linux-x86_64-debian-clang | 1.2.4 | 30.78 | 96.15 | 126.93 | NOTE | |
r-devel-linux-x86_64-debian-gcc | 1.2.4 | 22.14 | 65.00 | 87.14 | NOTE | |
r-devel-linux-x86_64-fedora-clang | 1.2.4 | 218.99 | NOTE | |||
r-devel-linux-x86_64-fedora-gcc | 1.2.4 | 236.39 | NOTE | |||
r-devel-macos-arm64 | 1.2.4 | 69.00 | NOTE | |||
r-devel-macos-x86_64 | 1.2.4 | 117.00 | NOTE | |||
r-devel-windows-x86_64 | 1.2.4 | 37.00 | 117.00 | 154.00 | NOTE | |
r-patched-linux-x86_64 | 1.2.4 | 29.78 | 87.16 | 116.94 | NOTE | |
r-release-linux-x86_64 | 1.2.4 | 31.37 | 86.46 | 117.83 | NOTE | |
r-release-macos-arm64 | 1.2.4 | 68.00 | NOTE | |||
r-release-macos-x86_64 | 1.2.4 | 142.00 | NOTE | |||
r-release-windows-x86_64 | 1.2.4 | 38.00 | 115.00 | 153.00 | NOTE | |
r-oldrel-macos-arm64 | 1.2.4 | 72.00 | NOTE | |||
r-oldrel-macos-x86_64 | 1.2.4 | 113.00 | NOTE | |||
r-oldrel-windows-x86_64 | 1.2.4 | 46.00 | 136.00 | 182.00 | NOTE |
Version: 1.2.4
Check: C++ specification
Result: NOTE
Specified C++11: please drop specification unless essential
Flavors: r-devel-linux-x86_64-debian-clang, r-devel-linux-x86_64-debian-gcc, r-devel-linux-x86_64-fedora-clang, r-devel-linux-x86_64-fedora-gcc, r-devel-macos-arm64, r-devel-macos-x86_64, r-devel-windows-x86_64, r-patched-linux-x86_64, r-release-linux-x86_64, r-release-macos-arm64, r-release-macos-x86_64, r-release-windows-x86_64, r-oldrel-macos-arm64, r-oldrel-macos-x86_64, r-oldrel-windows-x86_64