Last updated on 2025-04-30 04:50:12 CEST.
Flavor | Version | Tinstall | Tcheck | Ttotal | Status | Flags |
---|---|---|---|---|---|---|
r-devel-linux-x86_64-debian-clang | 1.0.1.1 | 1.71 | 17.30 | 19.01 | NOTE | |
r-devel-linux-x86_64-debian-gcc | 1.0.1.1 | 1.45 | 13.93 | 15.38 | NOTE | |
r-devel-linux-x86_64-fedora-clang | 1.0.1.1 | 30.07 | OK | |||
r-devel-linux-x86_64-fedora-gcc | 1.0.1.1 | 28.28 | OK | |||
r-devel-windows-x86_64 | 1.0.1.1 | 4.00 | 42.00 | 46.00 | OK | |
r-patched-linux-x86_64 | 1.0.1.1 | 1.89 | 16.68 | 18.57 | OK | |
r-release-linux-x86_64 | 1.0.1.1 | 1.78 | 16.69 | 18.47 | OK | |
r-release-macos-arm64 | 1.0.1.1 | 16.00 | OK | |||
r-release-macos-x86_64 | 1.0.1.1 | 26.00 | OK | |||
r-release-windows-x86_64 | 1.0.1.1 | 2.00 | 43.00 | 45.00 | OK | |
r-oldrel-macos-arm64 | 1.0.1.1 | 16.00 | OK | |||
r-oldrel-macos-x86_64 | 1.0.1.1 | 21.00 | OK | |||
r-oldrel-windows-x86_64 | 1.0.1.1 | 2.00 | 38.00 | 40.00 | OK |
Version: 1.0.1.1
Check: CRAN incoming feasibility
Result: NOTE
Maintainer: ‘Max Hughes-Brandl <gordonmax@hotmail.de>’
No Authors@R field in DESCRIPTION.
Please add one, modifying
Authors@R: person(given = "Max",
family = "Hughes-Brandl",
role = c("aut", "cre"),
email = "gordonmax@hotmail.de")
as necessary.
Flavors: r-devel-linux-x86_64-debian-clang, r-devel-linux-x86_64-debian-gcc