Last updated on 2025-02-22 05:51:45 CET.
Flavor | Version | Tinstall | Tcheck | Ttotal | Status | Flags |
---|---|---|---|---|---|---|
r-devel-linux-x86_64-debian-clang | 0.2 | 5.54 | 47.62 | 53.16 | OK | |
r-devel-linux-x86_64-debian-gcc | 0.2 | 4.67 | 35.52 | 40.19 | OK | |
r-devel-linux-x86_64-fedora-clang | 0.2 | 82.99 | OK | |||
r-devel-linux-x86_64-fedora-gcc | 0.2 | 88.22 | OK | |||
r-devel-macos-arm64 | 0.2 | 28.00 | OK | |||
r-devel-macos-x86_64 | 0.2 | 51.00 | OK | |||
r-devel-windows-x86_64 | 0.2 | 7.00 | 64.00 | 71.00 | OK | |
r-patched-linux-x86_64 | 0.2 | 4.54 | 43.72 | 48.26 | NOTE | |
r-release-linux-x86_64 | 0.2 | 5.49 | 43.05 | 48.54 | NOTE | |
r-release-macos-arm64 | 0.2 | 26.00 | NOTE | |||
r-release-macos-x86_64 | 0.2 | 44.00 | NOTE | |||
r-release-windows-x86_64 | 0.2 | 6.00 | 64.00 | 70.00 | NOTE | |
r-oldrel-macos-arm64 | 0.2 | 28.00 | NOTE | |||
r-oldrel-macos-x86_64 | 0.2 | 43.00 | NOTE | |||
r-oldrel-windows-x86_64 | 0.2 | 8.00 | 73.00 | 81.00 | NOTE |
Version: 0.2
Check: package dependencies
Result: NOTE
Package which this enhances but not available for checking: ‘jpndistrict’
Flavors: r-patched-linux-x86_64, r-release-linux-x86_64, r-release-macos-arm64, r-release-macos-x86_64, r-release-windows-x86_64, r-oldrel-macos-arm64, r-oldrel-macos-x86_64, r-oldrel-windows-x86_64