Last updated on 2025-04-30 04:50:12 CEST.
Flavor | Version | Tinstall | Tcheck | Ttotal | Status | Flags |
---|---|---|---|---|---|---|
r-devel-linux-x86_64-debian-clang | 0.6 | 3.39 | 24.22 | 27.61 | NOTE | |
r-devel-linux-x86_64-debian-gcc | 0.6 | 2.21 | 18.84 | 21.05 | NOTE | |
r-devel-linux-x86_64-fedora-clang | 0.6 | 43.72 | OK | |||
r-devel-linux-x86_64-fedora-gcc | 0.6 | 40.98 | OK | |||
r-devel-windows-x86_64 | 0.6 | 6.00 | 53.00 | 59.00 | OK | |
r-patched-linux-x86_64 | 0.6 | 2.66 | 23.63 | 26.29 | OK | |
r-release-linux-x86_64 | 0.6 | 2.28 | 23.29 | 25.57 | OK | |
r-release-macos-arm64 | 0.6 | 17.00 | OK | |||
r-release-macos-x86_64 | 0.6 | 31.00 | OK | |||
r-release-windows-x86_64 | 0.6 | 4.00 | 45.00 | 49.00 | OK | |
r-oldrel-macos-arm64 | 0.6 | 20.00 | NOTE | |||
r-oldrel-macos-x86_64 | 0.6 | 26.00 | NOTE | |||
r-oldrel-windows-x86_64 | 0.6 | 5.00 | 45.00 | 50.00 | NOTE |
Version: 0.6
Check: CRAN incoming feasibility
Result: NOTE
Maintainer: ‘Xianyan Chen <xychen@uga.edu>’
No Authors@R field in DESCRIPTION.
Please add one, modifying
Authors@R: c(person(given = "Xianyan",
family = "Chen",
role = c("aut", "cre"),
email = "xychen@uga.edu"),
person(given = "Xiangrong",
family = "Yin",
role = "aut",
email = "yinxiangrong@uky.edu"))
as necessary.
Flavors: r-devel-linux-x86_64-debian-clang, r-devel-linux-x86_64-debian-gcc
Version: 0.6
Check: LazyData
Result: NOTE
'LazyData' is specified without a 'data' directory
Flavors: r-oldrel-macos-arm64, r-oldrel-macos-x86_64, r-oldrel-windows-x86_64