CRAN Package Check Results for Package NlinTS

Last updated on 2025-04-30 04:50:12 CEST.

Flavor Version Tinstall Tcheck Ttotal Status Flags
r-devel-linux-x86_64-debian-clang 1.4.5 75.02 46.67 121.69 NOTE
r-devel-linux-x86_64-debian-gcc 1.4.5 52.44 34.02 86.46 NOTE
r-devel-linux-x86_64-fedora-clang 1.4.5 238.68 NOTE
r-devel-linux-x86_64-fedora-gcc 1.4.5 218.68 NOTE
r-devel-windows-x86_64 1.4.5 86.00 84.00 170.00 NOTE
r-patched-linux-x86_64 1.4.5 73.69 44.16 117.85 NOTE
r-release-linux-x86_64 1.4.5 72.93 43.59 116.52 NOTE
r-release-macos-arm64 1.4.5 55.00 NOTE
r-release-macos-x86_64 1.4.5 65.00 NOTE
r-release-windows-x86_64 1.4.5 87.00 80.00 167.00 NOTE
r-oldrel-macos-arm64 1.4.5 58.00 NOTE
r-oldrel-macos-x86_64 1.4.5 85.00 NOTE
r-oldrel-windows-x86_64 1.4.5 96.00 103.00 199.00 NOTE

Check Details

Version: 1.4.5
Check: C++ specification
Result: NOTE Specified C++11: please drop specification unless essential Flavors: r-devel-linux-x86_64-debian-clang, r-devel-linux-x86_64-debian-gcc, r-devel-linux-x86_64-fedora-clang, r-devel-linux-x86_64-fedora-gcc, r-devel-windows-x86_64, r-patched-linux-x86_64, r-release-linux-x86_64, r-release-macos-arm64, r-release-macos-x86_64, r-release-windows-x86_64, r-oldrel-macos-arm64, r-oldrel-macos-x86_64, r-oldrel-windows-x86_64

Version: 1.4.5
Check: installed package size
Result: NOTE installed size is 8.2Mb sub-directories of 1Mb or more: libs 8.0Mb Flavors: r-oldrel-macos-arm64, r-oldrel-macos-x86_64