CRAN Package Check Results for Package NonProbEst

Last updated on 2025-04-30 04:50:13 CEST.

Flavor Version Tinstall Tcheck Ttotal Status Flags
r-devel-linux-x86_64-debian-clang 0.2.4 14.39 131.15 145.54 NOTE
r-devel-linux-x86_64-debian-gcc 0.2.4 9.81 90.98 100.79 NOTE
r-devel-linux-x86_64-fedora-clang 0.2.4 217.37 NOTE
r-devel-linux-x86_64-fedora-gcc 0.2.4 205.13 NOTE
r-devel-windows-x86_64 0.2.4 14.00 134.00 148.00 OK
r-patched-linux-x86_64 0.2.4 12.64 123.74 136.38 OK
r-release-linux-x86_64 0.2.4 13.66 122.54 136.20 OK
r-release-macos-arm64 0.2.4 58.00 OK
r-release-macos-x86_64 0.2.4 110.00 OK
r-release-windows-x86_64 0.2.4 14.00 142.00 156.00 OK
r-oldrel-macos-arm64 0.2.4 58.00 OK
r-oldrel-macos-x86_64 0.2.4 85.00 OK
r-oldrel-windows-x86_64 0.2.4 18.00 172.00 190.00 OK

Check Details

Version: 0.2.4
Check: CRAN incoming feasibility
Result: NOTE Maintainer: ‘Luis Castro Martín <luiscastro193@gmail.com>’ No Authors@R field in DESCRIPTION. Please add one, modifying Authors@R: c(person(given = c("Luis", "Castro"), family = "Martín", role = c("aut", "cre"), email = "luiscastro193@gmail.com"), person(given = c("Ramón", "Ferri"), family = "García", role = "aut", email = "rferri@ugr.es"), person(given = c("María", "del", "Mar"), family = "Rueda", role = "aut", email = "mrueda@ugr.es")) as necessary. Found the following URLs which should use \doi (with the DOI name only): File ‘valliant_weights.Rd’: https://doi.org/10.1093/jssam/smz003 Flavors: r-devel-linux-x86_64-debian-clang, r-devel-linux-x86_64-debian-gcc

Version: 0.2.4
Check: examples
Result: NOTE Examples with CPU (user + system) or elapsed time > 5s user system elapsed model_assisted 4.421 0.035 7.050 model_based 4.223 0.027 5.994 model_calibrated 4.171 0.063 5.178 Flavor: r-devel-linux-x86_64-debian-clang

Version: 0.2.4
Check: dependencies in R code
Result: NOTE Namespaces in Imports field not imported from: ‘Matrix’ ‘e1071’ ‘glmnet’ All declared Imports should be used. Flavors: r-devel-linux-x86_64-fedora-clang, r-devel-linux-x86_64-fedora-gcc