Last updated on 2025-11-04 03:50:59 CET.
| Flavor | Version | Tinstall | Tcheck | Ttotal | Status | Flags | 
|---|---|---|---|---|---|---|
| r-devel-linux-x86_64-debian-clang | 0.5.0 | 14.99 | 113.02 | 128.01 | NOTE | |
| r-devel-linux-x86_64-debian-gcc | 0.5.0 | 10.41 | 81.14 | 91.55 | NOTE | |
| r-devel-linux-x86_64-fedora-clang | 0.5.0 | 32.00 | 181.25 | 213.25 | OK | |
| r-devel-linux-x86_64-fedora-gcc | 0.5.0 | 32.00 | 157.36 | 189.36 | OK | |
| r-devel-windows-x86_64 | 0.5.0 | 17.00 | 116.00 | 133.00 | OK | |
| r-patched-linux-x86_64 | 0.5.0 | 13.42 | 109.36 | 122.78 | OK | |
| r-release-linux-x86_64 | 0.5.0 | 14.24 | 111.26 | 125.50 | OK | |
| r-release-macos-arm64 | 0.5.0 | 7.00 | 66.00 | 73.00 | OK | |
| r-release-macos-x86_64 | 0.5.0 | 11.00 | 78.00 | 89.00 | OK | |
| r-release-windows-x86_64 | 0.5.0 | 16.00 | 113.00 | 129.00 | OK | |
| r-oldrel-macos-arm64 | 0.5.0 | 6.00 | 43.00 | 49.00 | OK | |
| r-oldrel-macos-x86_64 | 0.5.0 | 9.00 | 59.00 | 68.00 | OK | |
| r-oldrel-windows-x86_64 | 0.5.0 | 23.00 | 147.00 | 170.00 | OK | 
Version: 0.5.0
Check: CRAN incoming feasibility
Result: NOTE
  Maintainer: ‘Burak Guris <bguris@istanbul.edu.tr>’
  
  No Authors@R field in DESCRIPTION.
  Please add one, modifying
    Authors@R: person(given = "Burak",
                      family = "Guris",
                      role = c("aut", "cre"),
                      email = "bguris@istanbul.edu.tr")
  as necessary.
Flavors: r-devel-linux-x86_64-debian-clang, r-devel-linux-x86_64-debian-gcc