Last updated on 2025-04-30 04:50:13 CEST.
Flavor | Version | Tinstall | Tcheck | Ttotal | Status | Flags |
---|---|---|---|---|---|---|
r-devel-linux-x86_64-debian-clang | 1.9.8 | 338.97 | 95.94 | 434.91 | OK | |
r-devel-linux-x86_64-debian-gcc | 1.9.8 | 214.09 | 71.32 | 285.41 | OK | |
r-devel-linux-x86_64-fedora-clang | 1.9.8 | 1079.82 | OK | |||
r-devel-linux-x86_64-fedora-gcc | 1.9.8 | 748.08 | OK | |||
r-devel-windows-x86_64 | 1.9.8 | 372.00 | 123.00 | 495.00 | OK | |
r-patched-linux-x86_64 | 1.9.8 | 301.94 | 94.27 | 396.21 | OK | |
r-release-linux-x86_64 | 1.9.8 | 304.65 | 94.07 | 398.72 | OK | |
r-release-macos-arm64 | 1.9.8 | 154.00 | OK | |||
r-release-macos-x86_64 | 1.9.8 | 183.00 | OK | |||
r-release-windows-x86_64 | 1.9.8 | 370.00 | 129.00 | 499.00 | OK | |
r-oldrel-macos-arm64 | 1.9.8 | 174.00 | NOTE | |||
r-oldrel-macos-x86_64 | 1.9.8 | 215.00 | NOTE | |||
r-oldrel-windows-x86_64 | 1.9.8 | 336.00 | 146.00 | 482.00 | NOTE |
Version: 1.9.8
Check: installed package size
Result: NOTE
installed size is 20.9Mb
sub-directories of 1Mb or more:
doc 5.3Mb
libs 15.2Mb
Flavors: r-oldrel-macos-arm64, r-oldrel-macos-x86_64, r-oldrel-windows-x86_64