Last updated on 2025-04-30 04:50:13 CEST.
Flavor | Version | Tinstall | Tcheck | Ttotal | Status | Flags |
---|---|---|---|---|---|---|
r-devel-linux-x86_64-debian-clang | 0.0.5 | 75.56 | 165.95 | 241.51 | NOTE | |
r-devel-linux-x86_64-debian-gcc | 0.0.5 | 52.48 | 115.42 | 167.90 | OK | |
r-devel-linux-x86_64-fedora-clang | 0.0.5 | 413.36 | OK | |||
r-devel-linux-x86_64-fedora-gcc | 0.0.5 | 439.14 | OK | |||
r-devel-windows-x86_64 | 0.0.5 | 76.00 | 189.00 | 265.00 | OK | |
r-patched-linux-x86_64 | 0.0.4 | 43.75 | 149.58 | 193.33 | NOTE | |
r-release-linux-x86_64 | 0.0.5 | 75.19 | 158.54 | 233.73 | OK | |
r-release-macos-arm64 | 0.0.5 | 93.00 | OK | |||
r-release-macos-x86_64 | 0.0.5 | 220.00 | OK | |||
r-release-windows-x86_64 | 0.0.5 | 77.00 | 189.00 | 266.00 | OK | |
r-oldrel-macos-arm64 | 0.0.5 | 110.00 | NOTE | |||
r-oldrel-macos-x86_64 | 0.0.5 | 223.00 | NOTE | |||
r-oldrel-windows-x86_64 | 0.0.5 | 62.00 | 218.00 | 280.00 | OK |
Version: 0.0.5
Check: examples
Result: NOTE
Examples with CPU (user + system) or elapsed time > 5s
user system elapsed
predict.ODT 4.482 0.023 5.927
Flavor: r-devel-linux-x86_64-debian-clang
Version: 0.0.4
Check: Rd cross-references
Result: NOTE
Found the following Rd file(s) with Rd \link{} targets missing package
anchors:
ODT.Rd: as.party
PPO.Rd: nnet, Pursuit
as.party.ODT.Rd: party
plot.ODT.Rd: as.party
Please provide package anchors for all Rd \link{} targets not in the
package itself and the base packages.
Flavor: r-patched-linux-x86_64
Version: 0.0.5
Check: installed package size
Result: NOTE
installed size is 14.1Mb
sub-directories of 1Mb or more:
libs 13.4Mb
Flavors: r-oldrel-macos-arm64, r-oldrel-macos-x86_64