CRAN Package Check Results for Package OEFPIL

Last updated on 2025-04-30 04:50:13 CEST.

Flavor Version Tinstall Tcheck Ttotal Status Flags
r-devel-linux-x86_64-debian-clang 0.1.1 6.64 61.85 68.49 NOTE
r-devel-linux-x86_64-debian-gcc 0.1.1 4.65 43.99 48.64 NOTE
r-devel-linux-x86_64-fedora-clang 0.1.1 94.27 OK
r-devel-linux-x86_64-fedora-gcc 0.1.1 91.68 OK
r-devel-windows-x86_64 0.1.1 7.00 74.00 81.00 NOTE
r-patched-linux-x86_64 0.1.1 6.57 57.91 64.48 NOTE
r-release-linux-x86_64 0.1.1 5.75 57.71 63.46 NOTE
r-release-macos-arm64 0.1.1 29.00 OK
r-release-macos-x86_64 0.1.1 52.00 OK
r-release-windows-x86_64 0.1.1 7.00 75.00 82.00 NOTE
r-oldrel-macos-arm64 0.1.1 30.00 OK
r-oldrel-macos-x86_64 0.1.1 49.00 OK
r-oldrel-windows-x86_64 0.1.1 9.00 90.00 99.00 OK

Check Details

Version: 0.1.1
Check: Rd cross-references
Result: NOTE Found the following Rd file(s) with Rd \link{} targets missing package anchors: NanoIndent.OEFPIL.Rd: nlsLM OEFPIL.Rd: nlsLM Please provide package anchors for all Rd \link{} targets not in the package itself and the base packages. Flavors: r-devel-linux-x86_64-debian-clang, r-devel-linux-x86_64-debian-gcc, r-devel-windows-x86_64, r-patched-linux-x86_64, r-release-linux-x86_64, r-release-windows-x86_64