Last updated on 2025-04-30 04:50:13 CEST.
Flavor | Version | Tinstall | Tcheck | Ttotal | Status | Flags |
---|---|---|---|---|---|---|
r-devel-linux-x86_64-debian-clang | 3.0.4 | 7.32 | 60.44 | 67.76 | NOTE | |
r-devel-linux-x86_64-debian-gcc | 3.0.4 | 4.46 | 43.16 | 47.62 | OK | |
r-devel-linux-x86_64-fedora-clang | 3.0.4 | 104.81 | OK | |||
r-devel-linux-x86_64-fedora-gcc | 3.0.4 | 102.61 | OK | |||
r-devel-windows-x86_64 | 3.0.4 | 9.00 | 95.00 | 104.00 | OK | |
r-patched-linux-x86_64 | 3.0.4 | 7.60 | 57.61 | 65.21 | OK | |
r-release-linux-x86_64 | 3.0.4 | 7.12 | 56.65 | 63.77 | OK | |
r-release-macos-arm64 | 3.0.4 | 50.00 | OK | |||
r-release-macos-x86_64 | 3.0.4 | 60.00 | OK | |||
r-release-windows-x86_64 | 3.0.4 | 11.00 | 100.00 | 111.00 | OK | |
r-oldrel-macos-arm64 | 3.0.4 | 37.00 | OK | |||
r-oldrel-macos-x86_64 | 3.0.4 | 70.00 | OK | |||
r-oldrel-windows-x86_64 | 3.0.4 | 10.00 | 111.00 | 121.00 | OK |
Version: 3.0.4
Check: examples
Result: NOTE
Examples with CPU (user + system) or elapsed time > 5s
user system elapsed
KTPsi 4.18 0.023 5.049
Flavor: r-devel-linux-x86_64-debian-clang