Last updated on 2025-04-30 04:50:13 CEST.
Flavor | Version | Tinstall | Tcheck | Ttotal | Status | Flags |
---|---|---|---|---|---|---|
r-devel-linux-x86_64-debian-clang | 2.10 | 14.60 | 238.72 | 253.32 | NOTE | |
r-devel-linux-x86_64-debian-gcc | 2.10 | 8.69 | 157.15 | 165.84 | NOTE | |
r-devel-linux-x86_64-fedora-clang | 2.10 | 405.00 | OK | |||
r-devel-linux-x86_64-fedora-gcc | 2.10 | 414.15 | OK | |||
r-devel-windows-x86_64 | 2.10 | 17.00 | 229.00 | 246.00 | OK | |
r-patched-linux-x86_64 | 2.10 | 14.10 | 231.20 | 245.30 | OK | |
r-release-linux-x86_64 | 2.10 | 13.26 | 229.04 | 242.30 | OK | |
r-release-macos-arm64 | 2.10 | 118.00 | OK | |||
r-release-macos-x86_64 | 2.10 | 253.00 | OK | |||
r-release-windows-x86_64 | 2.10 | 16.00 | 236.00 | 252.00 | OK | |
r-oldrel-macos-arm64 | 2.10 | 100.00 | OK | |||
r-oldrel-macos-x86_64 | 2.10 | 163.00 | OK | |||
r-oldrel-windows-x86_64 | 2.10 | 20.00 | 300.00 | 320.00 | OK |
Version: 2.10
Check: CRAN incoming feasibility
Result: NOTE
Maintainer: ‘Jeremy Beaulieu <jmbeauli@uark.edu>’
No Authors@R field in DESCRIPTION.
Please add one, modifying
Authors@R: c(person(given = c("Jeremy", "M."),
family = "Beaulieu",
role = "aut",
email = "jmbeauli@uark.edu"),
person(given = "Brian",
family = "O'Meara",
role = "aut",
email = "bomeara@utk.edu"),
person(given = "Jeremy",
family = "Beaulieu",
role = "cre",
email = "jmbeauli@uark.edu"))
as necessary.
Flavors: r-devel-linux-x86_64-debian-clang, r-devel-linux-x86_64-debian-gcc