Last updated on 2025-04-30 04:50:13 CEST.
Flavor | Version | Tinstall | Tcheck | Ttotal | Status | Flags |
---|---|---|---|---|---|---|
r-devel-linux-x86_64-debian-clang | 1.0.3 | 14.64 | 264.08 | 278.72 | NOTE | |
r-devel-linux-x86_64-debian-gcc | 1.0.3 | 10.79 | 179.77 | 190.56 | OK | |
r-devel-linux-x86_64-fedora-clang | 1.0.3 | 466.12 | OK | |||
r-devel-linux-x86_64-fedora-gcc | 1.0.3 | 492.70 | OK | |||
r-devel-windows-x86_64 | 1.0.3 | 19.00 | 282.00 | 301.00 | OK | |
r-patched-linux-x86_64 | 1.0.3 | 14.61 | 250.23 | 264.84 | OK | |
r-release-linux-x86_64 | 1.0.3 | 14.68 | 244.55 | 259.23 | OK | |
r-release-macos-arm64 | 1.0.3 | 135.00 | OK | |||
r-release-macos-x86_64 | 1.0.3 | 243.00 | OK | |||
r-release-windows-x86_64 | 1.0.3 | 20.00 | 292.00 | 312.00 | OK | |
r-oldrel-macos-arm64 | 1.0.3 | 126.00 | OK | |||
r-oldrel-macos-x86_64 | 1.0.3 | 191.00 | OK | |||
r-oldrel-windows-x86_64 | 1.0.3 | 22.00 | 367.00 | 389.00 | OK |
Version: 1.0.3
Check: examples
Result: NOTE
Examples with CPU (user + system) or elapsed time > 5s
user system elapsed
summary.ov 4.575 0.039 6.332
ov_sim 3.922 0.001 5.028
Flavor: r-devel-linux-x86_64-debian-clang