Last updated on 2025-04-30 04:50:13 CEST.
Flavor | Version | Tinstall | Tcheck | Ttotal | Status | Flags |
---|---|---|---|---|---|---|
r-devel-linux-x86_64-debian-clang | 1.0 | 9.42 | 72.27 | 81.69 | NOTE | |
r-devel-linux-x86_64-debian-gcc | 1.0 | 6.14 | 52.99 | 59.13 | NOTE | |
r-devel-linux-x86_64-fedora-clang | 1.0 | 128.86 | OK | |||
r-devel-linux-x86_64-fedora-gcc | 1.0 | 122.19 | OK | |||
r-devel-windows-x86_64 | 1.0 | 10.00 | 77.00 | 87.00 | OK | |
r-patched-linux-x86_64 | 1.0 | 8.41 | 69.29 | 77.70 | OK | |
r-release-linux-x86_64 | 1.0 | 8.99 | 69.32 | 78.31 | OK | |
r-release-macos-arm64 | 1.0 | 37.00 | OK | |||
r-release-macos-x86_64 | 1.0 | 81.00 | OK | |||
r-release-windows-x86_64 | 1.0 | 11.00 | 77.00 | 88.00 | OK | |
r-oldrel-macos-arm64 | 1.0 | 34.00 | OK | |||
r-oldrel-macos-x86_64 | 1.0 | 61.00 | OK | |||
r-oldrel-windows-x86_64 | 1.0 | 12.00 | 98.00 | 110.00 | OK |
Version: 1.0
Check: CRAN incoming feasibility
Result: NOTE
Maintainer: ‘Qi Yan <qiy17@pitt.edu>’
No Authors@R field in DESCRIPTION.
Please add one, modifying
Authors@R: person(given = "Qi",
family = "Yan",
role = c("aut", "cre"),
email = "qiy17@pitt.edu")
as necessary.
Flavors: r-devel-linux-x86_64-debian-clang, r-devel-linux-x86_64-debian-gcc