CRAN Package Check Results for Package OncoBayes2

Last updated on 2025-07-05 04:50:21 CEST.

Flavor Version Tinstall Tcheck Ttotal Status Flags
r-devel-linux-x86_64-debian-clang 0.9-3 226.71 276.69 503.40 OK
r-devel-linux-x86_64-debian-gcc 0.9-3 183.90 199.85 383.75 OK
r-devel-linux-x86_64-fedora-clang 0.9-3 770.51 OK
r-devel-linux-x86_64-fedora-gcc 0.9-3 859.43 OK
r-devel-windows-x86_64 0.9-3 202.00 291.00 493.00 OK
r-patched-linux-x86_64 0.9-3 226.94 275.71 502.65 OK
r-release-linux-x86_64 0.9-3 230.24 273.01 503.25 OK
r-release-macos-arm64 0.9-3 149.00 OK
r-release-macos-x86_64 0.9-3 202.00 OK
r-release-windows-x86_64 0.9-3 215.00 293.00 508.00 OK
r-oldrel-macos-arm64 0.9-3 193.00 NOTE
r-oldrel-macos-x86_64 0.9-3 366.00 NOTE
r-oldrel-windows-x86_64 0.9-3 249.00 388.00 637.00 NOTE

Check Details

Version: 0.9-3
Check: package dependencies
Result: NOTE Package suggested but not available for checking: ‘cmdstanr’ Flavors: r-oldrel-macos-arm64, r-oldrel-macos-x86_64, r-oldrel-windows-x86_64

Version: 0.9-3
Check: installed package size
Result: NOTE installed size is 62.9Mb sub-directories of 1Mb or more: libs 61.5Mb Flavors: r-oldrel-macos-arm64, r-oldrel-macos-x86_64

Version: 0.9-3
Check: for GNU extensions in Makefiles
Result: NOTE GNU make is a SystemRequirements. Flavors: r-oldrel-macos-arm64, r-oldrel-macos-x86_64, r-oldrel-windows-x86_64