Last updated on 2025-04-30 04:50:13 CEST.
Flavor | Version | Tinstall | Tcheck | Ttotal | Status | Flags |
---|---|---|---|---|---|---|
r-devel-linux-x86_64-debian-clang | 0.9-3 | 210.71 | 272.09 | 482.80 | NOTE | |
r-devel-linux-x86_64-debian-gcc | 0.9-3 | 178.57 | 197.42 | 375.99 | NOTE | |
r-devel-linux-x86_64-fedora-clang | 0.9-3 | 744.50 | OK | |||
r-devel-linux-x86_64-fedora-gcc | 0.9-3 | 912.91 | OK | |||
r-devel-windows-x86_64 | 0.9-3 | 216.00 | 285.00 | 501.00 | OK | |
r-patched-linux-x86_64 | 0.9-2 | 237.33 | 275.47 | 512.80 | OK | |
r-release-linux-x86_64 | 0.9-3 | 225.96 | 273.67 | 499.63 | OK | |
r-release-macos-arm64 | 0.9-3 | 149.00 | OK | |||
r-release-macos-x86_64 | 0.9-3 | 202.00 | OK | |||
r-release-windows-x86_64 | 0.9-3 | 208.00 | 291.00 | 499.00 | OK | |
r-oldrel-macos-arm64 | 0.9-3 | 193.00 | NOTE | |||
r-oldrel-macos-x86_64 | 0.9-3 | 366.00 | NOTE | |||
r-oldrel-windows-x86_64 | 0.9-3 | 137.00 | 311.00 | 448.00 | NOTE |
Version: 0.9-3
Check: examples
Result: NOTE
Examples with CPU (user + system) or elapsed time > 5s
user system elapsed
plot_blrm 6.136 0.070 7.756
critical_quantile 3.968 0.008 5.049
Flavor: r-devel-linux-x86_64-debian-clang
Version: 0.9-3
Check: examples
Result: NOTE
Examples with CPU (user + system) or elapsed time > 5s
user system elapsed
plot_blrm 3.542 0.07 5.478
Flavor: r-devel-linux-x86_64-debian-gcc
Version: 0.9-3
Check: package dependencies
Result: NOTE
Package suggested but not available for checking: ‘cmdstanr’
Flavors: r-oldrel-macos-arm64, r-oldrel-macos-x86_64, r-oldrel-windows-x86_64
Version: 0.9-3
Check: installed package size
Result: NOTE
installed size is 62.9Mb
sub-directories of 1Mb or more:
libs 61.5Mb
Flavors: r-oldrel-macos-arm64, r-oldrel-macos-x86_64
Version: 0.9-3
Check: for GNU extensions in Makefiles
Result: NOTE
GNU make is a SystemRequirements.
Flavors: r-oldrel-macos-arm64, r-oldrel-macos-x86_64, r-oldrel-windows-x86_64