Last updated on 2025-04-30 04:50:13 CEST.
Flavor | Version | Tinstall | Tcheck | Ttotal | Status | Flags |
---|---|---|---|---|---|---|
r-devel-linux-x86_64-debian-clang | 0.5 | 11.35 | 97.23 | 108.58 | NOTE | |
r-devel-linux-x86_64-debian-gcc | 0.5 | 6.81 | 71.56 | 78.37 | NOTE | |
r-devel-linux-x86_64-fedora-clang | 0.5 | 171.12 | NOTE | |||
r-devel-linux-x86_64-fedora-gcc | 0.5 | 175.75 | NOTE | |||
r-devel-windows-x86_64 | 0.5 | 14.00 | 127.00 | 141.00 | NOTE | |
r-patched-linux-x86_64 | 0.5 | 10.34 | 92.58 | 102.92 | NOTE | |
r-release-linux-x86_64 | 0.5 | 9.93 | 91.65 | 101.58 | NOTE | |
r-release-macos-arm64 | 0.5 | 63.00 | NOTE | |||
r-release-macos-x86_64 | 0.5 | 112.00 | NOTE | |||
r-release-windows-x86_64 | 0.5 | 16.00 | 127.00 | 143.00 | NOTE | |
r-oldrel-macos-arm64 | 0.5 | 67.00 | OK | |||
r-oldrel-macos-x86_64 | 0.5 | 168.00 | OK | |||
r-oldrel-windows-x86_64 | 0.5 | 18.00 | 155.00 | 173.00 | OK |
Version: 0.5
Check: DESCRIPTION meta-information
Result: NOTE
Missing dependency on R >= 4.1.0 because package code uses the pipe
|> or function shorthand \(...) syntax added in R 4.1.0.
File(s) using such syntax:
‘global.R’
Flavors: r-devel-linux-x86_64-debian-clang, r-devel-linux-x86_64-debian-gcc, r-devel-linux-x86_64-fedora-clang, r-devel-linux-x86_64-fedora-gcc, r-devel-windows-x86_64, r-patched-linux-x86_64, r-release-linux-x86_64, r-release-macos-arm64, r-release-macos-x86_64, r-release-windows-x86_64
Version: 0.5
Check: examples
Result: NOTE
Examples with CPU (user + system) or elapsed time > 5s
user system elapsed
validate_data 4.477 0.047 5.796
Flavor: r-devel-linux-x86_64-debian-clang