Last updated on 2025-04-30 04:50:13 CEST.
Flavor | Version | Tinstall | Tcheck | Ttotal | Status | Flags |
---|---|---|---|---|---|---|
r-devel-linux-x86_64-debian-clang | 2.2 | 2.23 | 29.30 | 31.53 | NOTE | |
r-devel-linux-x86_64-debian-gcc | 2.2 | 1.67 | 23.38 | 25.05 | NOTE | |
r-devel-linux-x86_64-fedora-clang | 2.2 | 48.26 | OK | |||
r-devel-linux-x86_64-fedora-gcc | 2.2 | 60.93 | OK | |||
r-devel-windows-x86_64 | 2.2 | 3.00 | 56.00 | 59.00 | OK | |
r-patched-linux-x86_64 | 2.2 | 2.47 | 27.34 | 29.81 | OK | |
r-release-linux-x86_64 | 2.2 | 2.36 | 27.30 | 29.66 | OK | |
r-release-macos-arm64 | 2.2 | 25.00 | OK | |||
r-release-macos-x86_64 | 2.2 | 45.00 | OK | |||
r-release-windows-x86_64 | 2.2 | 4.00 | 58.00 | 62.00 | OK | |
r-oldrel-macos-arm64 | 2.2 | 24.00 | OK | |||
r-oldrel-macos-x86_64 | 2.2 | 37.00 | OK | |||
r-oldrel-windows-x86_64 | 2.2 | 4.00 | 59.00 | 63.00 | OK |
Version: 2.2
Check: CRAN incoming feasibility
Result: NOTE
Maintainer: ‘Holger von Jouanne-Diedrich <holger.jouanne-diedrich@h-ab.de>’
No Authors@R field in DESCRIPTION.
Please add one, modifying
Authors@R: person(given = "Holger",
family = "von Jouanne-Diedrich",
role = c("aut", "cre"),
email = "holger.jouanne-diedrich@h-ab.de")
as necessary.
Flavors: r-devel-linux-x86_64-debian-clang, r-devel-linux-x86_64-debian-gcc