Last updated on 2025-04-30 04:50:13 CEST.
Flavor | Version | Tinstall | Tcheck | Ttotal | Status | Flags |
---|---|---|---|---|---|---|
r-devel-linux-x86_64-debian-clang | 1.5.3 | 17.29 | 176.29 | 193.58 | OK | |
r-devel-linux-x86_64-debian-gcc | 1.5.3 | 10.68 | 120.32 | 131.00 | OK | |
r-devel-linux-x86_64-fedora-clang | 1.5.3 | 310.22 | OK | |||
r-devel-linux-x86_64-fedora-gcc | 1.5.3 | 320.90 | OK | |||
r-devel-windows-x86_64 | 1.5.3 | 17.00 | 173.00 | 190.00 | OK | |
r-patched-linux-x86_64 | 1.4.0 | 15.55 | 166.60 | 182.15 | OK | |
r-release-linux-x86_64 | 1.4.0 | 15.50 | 165.73 | 181.23 | OK | |
r-release-macos-arm64 | 1.5.3 | 83.00 | OK | |||
r-release-macos-x86_64 | 1.5.3 | 208.00 | OK | |||
r-release-windows-x86_64 | 1.5.3 | 16.00 | 161.00 | 177.00 | OK | |
r-oldrel-macos-arm64 | 1.5.3 | 94.00 | OK | |||
r-oldrel-macos-x86_64 | 1.5.3 | 203.00 | OK | |||
r-oldrel-windows-x86_64 | 1.4.0 | 22.00 | 227.00 | 249.00 | NOTE |
Version: 1.4.0
Check: installed package size
Result: NOTE
installed size is 5.6Mb
sub-directories of 1Mb or more:
doc 4.1Mb
Flavor: r-oldrel-windows-x86_64