Last updated on 2025-02-21 03:52:21 CET.
Flavor | Version | Tinstall | Tcheck | Ttotal | Status | Flags |
---|---|---|---|---|---|---|
r-devel-linux-x86_64-debian-clang | 1.4.0 | 16.14 | 170.55 | 186.69 | OK | |
r-devel-linux-x86_64-debian-gcc | 1.4.0 | 9.66 | 114.97 | 124.63 | OK | |
r-devel-linux-x86_64-fedora-clang | 1.4.0 | 298.61 | OK | |||
r-devel-linux-x86_64-fedora-gcc | 1.4.0 | 312.07 | OK | |||
r-devel-macos-arm64 | 1.4.0 | 89.00 | OK | |||
r-devel-macos-x86_64 | 1.4.0 | 190.00 | OK | |||
r-devel-windows-x86_64 | 1.4.0 | 16.00 | 174.00 | 190.00 | OK | |
r-patched-linux-x86_64 | 1.4.0 | 16.86 | 158.82 | 175.68 | OK | |
r-release-linux-x86_64 | 1.4.0 | 12.15 | 157.31 | 169.46 | OK | |
r-release-macos-arm64 | 1.4.0 | 88.00 | NOTE | |||
r-release-macos-x86_64 | 1.4.0 | 143.00 | NOTE | |||
r-release-windows-x86_64 | 1.4.0 | 16.00 | 171.00 | 187.00 | NOTE | |
r-oldrel-macos-arm64 | 1.4.0 | 96.00 | NOTE | |||
r-oldrel-macos-x86_64 | 1.4.0 | 169.00 | NOTE | |||
r-oldrel-windows-x86_64 | 1.4.0 | 24.00 | 208.00 | 232.00 | NOTE |
Version: 1.4.0
Check: installed package size
Result: NOTE
installed size is 5.7Mb
sub-directories of 1Mb or more:
doc 4.1Mb
Flavors: r-release-macos-arm64, r-release-macos-x86_64, r-release-windows-x86_64, r-oldrel-macos-arm64, r-oldrel-macos-x86_64, r-oldrel-windows-x86_64