Last updated on 2025-02-21 03:52:21 CET.
Flavor | Version | Tinstall | Tcheck | Ttotal | Status | Flags |
---|---|---|---|---|---|---|
r-devel-linux-x86_64-debian-clang | 0.0.4 | 11.51 | 53.56 | 65.07 | OK | |
r-devel-linux-x86_64-debian-gcc | 0.0.4 | 9.02 | 40.83 | 49.85 | OK | |
r-devel-linux-x86_64-fedora-clang | 0.0.4 | 111.73 | NOTE | |||
r-devel-linux-x86_64-fedora-gcc | 0.0.4 | 119.12 | NOTE | |||
r-devel-macos-arm64 | 0.0.4 | 43.00 | OK | |||
r-devel-macos-x86_64 | 0.0.4 | 77.00 | OK | |||
r-devel-windows-x86_64 | 0.0.4 | 17.00 | 83.00 | 100.00 | OK | |
r-patched-linux-x86_64 | 0.0.4 | 12.41 | 50.64 | 63.05 | OK | |
r-release-linux-x86_64 | 0.0.4 | 11.66 | 50.30 | 61.96 | OK | |
r-release-macos-arm64 | 0.0.4 | 41.00 | OK | |||
r-release-macos-x86_64 | 0.0.4 | 59.00 | OK | |||
r-release-windows-x86_64 | 0.0.4 | 17.00 | 86.00 | 103.00 | OK | |
r-oldrel-macos-arm64 | 0.0.4 | 40.00 | OK | |||
r-oldrel-macos-x86_64 | 0.0.4 | 66.00 | OK | |||
r-oldrel-windows-x86_64 | 0.0.4 | 19.00 | 97.00 | 116.00 | OK |
Version: 0.0.4
Check: dependencies in R code
Result: NOTE
Namespace in Imports field not imported from: ‘reshape2’
All declared Imports should be used.
Flavors: r-devel-linux-x86_64-fedora-clang, r-devel-linux-x86_64-fedora-gcc