Last updated on 2025-04-30 04:50:13 CEST.
Flavor | Version | Tinstall | Tcheck | Ttotal | Status | Flags |
---|---|---|---|---|---|---|
r-devel-linux-x86_64-debian-clang | 2.2.3 | 6.76 | 54.13 | 60.89 | NOTE | |
r-devel-linux-x86_64-debian-gcc | 2.2.3 | 5.19 | 40.33 | 45.52 | NOTE | |
r-devel-linux-x86_64-fedora-clang | 2.2.3 | 91.35 | OK | |||
r-devel-linux-x86_64-fedora-gcc | 2.2.3 | 89.76 | OK | |||
r-devel-windows-x86_64 | 2.2.3 | 7.00 | 71.00 | 78.00 | OK | |
r-patched-linux-x86_64 | 2.2.3 | 6.22 | 51.18 | 57.40 | OK | |
r-release-linux-x86_64 | 2.2.3 | 6.52 | 51.07 | 57.59 | OK | |
r-release-macos-arm64 | 2.2.3 | 33.00 | OK | |||
r-release-macos-x86_64 | 2.2.3 | 51.00 | OK | |||
r-release-windows-x86_64 | 2.2.3 | 7.00 | 71.00 | 78.00 | OK | |
r-oldrel-macos-arm64 | 2.2.3 | 29.00 | OK | |||
r-oldrel-macos-x86_64 | 2.2.3 | 42.00 | OK | |||
r-oldrel-windows-x86_64 | 2.2.3 | 9.00 | 83.00 | 92.00 | OK |
Version: 2.2.3
Check: CRAN incoming feasibility
Result: NOTE
Maintainer: ‘Ran Gao <rgao8@uic.edu>’
No Authors@R field in DESCRIPTION.
Please add one, modifying
Authors@R: c(person(given = "Anup",
family = "Amatya",
role = "aut"),
person(given = "Hakan",
family = "Demirtas",
role = "aut"),
person(given = "Ran",
family = "Gao",
role = c("aut", "cre"),
email = "rgao8@uic.edu"))
as necessary.
Flavors: r-devel-linux-x86_64-debian-clang, r-devel-linux-x86_64-debian-gcc