Last updated on 2025-04-30 04:50:13 CEST.
Flavor | Version | Tinstall | Tcheck | Ttotal | Status | Flags |
---|---|---|---|---|---|---|
r-devel-linux-x86_64-debian-clang | 0.2.0 | 2.72 | 355.89 | 358.61 | NOTE | |
r-devel-linux-x86_64-debian-gcc | 0.2.0 | 2.15 | 238.95 | 241.10 | OK | |
r-devel-linux-x86_64-fedora-clang | 0.2.0 | 554.47 | OK | |||
r-devel-linux-x86_64-fedora-gcc | 0.2.0 | 584.12 | OK | |||
r-devel-windows-x86_64 | 0.2.0 | 5.00 | 470.00 | 475.00 | OK | |
r-patched-linux-x86_64 | 0.2.0 | 3.73 | 354.08 | 357.81 | OK | |
r-release-linux-x86_64 | 0.2.0 | 3.19 | 354.01 | 357.20 | OK | |
r-release-macos-arm64 | 0.2.0 | 213.00 | OK | |||
r-release-macos-x86_64 | 0.2.0 | 402.00 | OK | |||
r-release-windows-x86_64 | 0.2.0 | 6.00 | 470.00 | 476.00 | OK | |
r-oldrel-macos-arm64 | 0.2.0 | 189.00 | OK | |||
r-oldrel-macos-x86_64 | 0.2.0 | 298.00 | OK | |||
r-oldrel-windows-x86_64 | 0.2.0 | 6.00 | 647.00 | 653.00 | OK |
Version: 0.2.0
Check: examples
Result: NOTE
Examples with CPU (user + system) or elapsed time > 5s
user system elapsed
Ostats 4.774 0.11 6.025
Flavor: r-devel-linux-x86_64-debian-clang