Last updated on 2025-04-30 04:50:13 CEST.
Flavor | Version | Tinstall | Tcheck | Ttotal | Status | Flags |
---|---|---|---|---|---|---|
r-devel-linux-x86_64-debian-clang | 1.0.0 | 2.49 | 67.11 | 69.60 | NOTE | |
r-devel-linux-x86_64-debian-gcc | 1.0.0 | 1.90 | 46.17 | 48.07 | OK | |
r-devel-linux-x86_64-fedora-clang | 1.0.0 | 120.71 | OK | |||
r-devel-linux-x86_64-fedora-gcc | 1.0.0 | 137.69 | OK | |||
r-devel-windows-x86_64 | 1.0.0 | 4.00 | 247.00 | 251.00 | OK | |
r-patched-linux-x86_64 | 1.0.0 | 2.54 | 62.30 | 64.84 | OK | |
r-release-linux-x86_64 | 1.0.0 | 2.22 | 63.37 | 65.59 | OK | |
r-release-macos-arm64 | 1.0.0 | 108.00 | OK | |||
r-release-macos-x86_64 | 1.0.0 | 175.00 | OK | |||
r-release-windows-x86_64 | 1.0.0 | 4.00 | 248.00 | 252.00 | OK | |
r-oldrel-macos-arm64 | 1.0.0 | 96.00 | OK | |||
r-oldrel-macos-x86_64 | 1.0.0 | 192.00 | OK | |||
r-oldrel-windows-x86_64 | 1.0.0 | 4.00 | 349.00 | 353.00 | OK |
Version: 1.0.0
Check: examples
Result: NOTE
Examples with CPU (user + system) or elapsed time > 5s
user system elapsed
detect.outliers 4.842 0.231 6.871
Flavor: r-devel-linux-x86_64-debian-clang