CRAN Package Check Results for Package OutliersO3

Last updated on 2025-04-30 04:50:13 CEST.

Flavor Version Tinstall Tcheck Ttotal Status Flags
r-devel-linux-x86_64-debian-clang 0.6.3 9.26 224.44 233.70 NOTE
r-devel-linux-x86_64-debian-gcc 0.6.3 6.22 152.41 158.63 NOTE
r-devel-linux-x86_64-fedora-clang 0.6.3 349.99 OK
r-devel-linux-x86_64-fedora-gcc 0.6.3 361.11 OK
r-devel-windows-x86_64 0.6.3 14.00 209.00 223.00 OK
r-patched-linux-x86_64 0.6.3 9.08 210.05 219.13 OK
r-release-linux-x86_64 0.6.3 9.61 208.88 218.49 OK
r-release-macos-arm64 0.6.3 153.00 OK
r-release-macos-x86_64 0.6.3 208.00 OK
r-release-windows-x86_64 0.6.3 14.00 205.00 219.00 OK
r-oldrel-macos-arm64 0.6.3 107.00 OK
r-oldrel-macos-x86_64 0.6.3 158.00 OK
r-oldrel-windows-x86_64 0.6.3 18.00 281.00 299.00 OK

Check Details

Version: 0.6.3
Check: CRAN incoming feasibility
Result: NOTE Maintainer: ‘Antony Unwin <unwin@math.uni-augsburg.de>’ No Authors@R field in DESCRIPTION. Please add one, modifying Authors@R: person(given = "Antony", family = "Unwin", role = c("aut", "cre"), email = "unwin@math.uni-augsburg.de") as necessary. Flavors: r-devel-linux-x86_64-debian-clang, r-devel-linux-x86_64-debian-gcc