CRAN Package Check Results for Package PAC

Last updated on 2025-04-30 04:50:13 CEST.

Flavor Version Tinstall Tcheck Ttotal Status Flags
r-devel-linux-x86_64-debian-clang 1.1.4 19.44 78.53 97.97 NOTE
r-devel-linux-x86_64-debian-gcc 1.1.4 12.67 50.54 63.21 NOTE
r-devel-linux-x86_64-fedora-clang 1.1.4 140.47 NOTE
r-devel-linux-x86_64-fedora-gcc 1.1.4 140.79 NOTE
r-devel-windows-x86_64 1.1.4 26.00 98.00 124.00 NOTE
r-patched-linux-x86_64 1.1.4 19.52 63.83 83.35 NOTE
r-release-linux-x86_64 1.1.4 19.12 64.56 83.68 NOTE
r-release-macos-arm64 1.1.4 48.00 NOTE
r-release-macos-x86_64 1.1.4 87.00 NOTE
r-release-windows-x86_64 1.1.4 27.00 98.00 125.00 NOTE
r-oldrel-macos-arm64 1.1.4 45.00 NOTE
r-oldrel-macos-x86_64 1.1.4 58.00 NOTE
r-oldrel-windows-x86_64 1.1.4 31.00 119.00 150.00 NOTE

Check Details

Version: 1.1.4
Check: CRAN incoming feasibility
Result: NOTE Maintainer: ‘Ye Henry Li <hlowl2@gmail.com>’ No Authors@R field in DESCRIPTION. Please add one, modifying Authors@R: c(person(given = c("Ye", "Henry"), family = "Li", role = c("aut", "cre"), email = "hlowl2@gmail.com"), person(given = "Dangna", family = "Li", role = "aut")) as necessary. Flavors: r-devel-linux-x86_64-debian-clang, r-devel-linux-x86_64-debian-gcc

Version: 1.1.4
Check: C++ specification
Result: NOTE Specified C++11: please drop specification unless essential Flavors: r-devel-linux-x86_64-debian-clang, r-devel-linux-x86_64-debian-gcc, r-devel-linux-x86_64-fedora-clang, r-devel-linux-x86_64-fedora-gcc, r-devel-windows-x86_64, r-patched-linux-x86_64, r-release-linux-x86_64, r-release-macos-arm64, r-release-macos-x86_64, r-release-windows-x86_64, r-oldrel-macos-arm64, r-oldrel-macos-x86_64, r-oldrel-windows-x86_64