Last updated on 2025-04-30 04:50:13 CEST.
Flavor | Version | Tinstall | Tcheck | Ttotal | Status | Flags |
---|---|---|---|---|---|---|
r-devel-linux-x86_64-debian-clang | 1.0.0 | 7.16 | 70.78 | 77.94 | NOTE | |
r-devel-linux-x86_64-debian-gcc | 1.0.0 | 5.28 | 52.17 | 57.45 | OK | |
r-devel-linux-x86_64-fedora-clang | 1.0.0 | 122.40 | OK | |||
r-devel-linux-x86_64-fedora-gcc | 1.0.0 | 121.59 | OK | |||
r-devel-windows-x86_64 | 1.0.0 | 8.00 | 89.00 | 97.00 | OK | |
r-patched-linux-x86_64 | 1.0.0 | 6.98 | 68.91 | 75.89 | OK | |
r-release-linux-x86_64 | 1.0.0 | 7.62 | 70.41 | 78.03 | OK | |
r-release-macos-arm64 | 1.0.0 | 58.00 | OK | |||
r-release-macos-x86_64 | 1.0.0 | 94.00 | OK | |||
r-release-windows-x86_64 | 1.0.0 | 8.00 | 87.00 | 95.00 | OK | |
r-oldrel-macos-arm64 | 1.0.0 | 39.00 | NOTE | |||
r-oldrel-macos-x86_64 | 1.0.0 | 55.00 | NOTE | |||
r-oldrel-windows-x86_64 | 1.0.0 | 10.00 | 105.00 | 115.00 | NOTE |
Version: 1.0.0
Check: examples
Result: NOTE
Examples with CPU (user + system) or elapsed time > 5s
user system elapsed
lasso.ineq 5.434 0.000 6.800
lars.ineq 5.264 0.015 6.289
Flavor: r-devel-linux-x86_64-debian-clang
Version: 1.0.0
Check: LazyData
Result: NOTE
'LazyData' is specified without a 'data' directory
Flavors: r-oldrel-macos-arm64, r-oldrel-macos-x86_64, r-oldrel-windows-x86_64