Last updated on 2025-02-21 03:52:21 CET.
Flavor | Version | Tinstall | Tcheck | Ttotal | Status | Flags |
---|---|---|---|---|---|---|
r-devel-linux-x86_64-debian-clang | 1.1.2 | 44.60 | 39.31 | 83.91 | OK | |
r-devel-linux-x86_64-debian-gcc | 1.1.2 | 34.93 | 28.38 | 63.31 | OK | |
r-devel-linux-x86_64-fedora-clang | 1.1.3 | 149.37 | OK | |||
r-devel-linux-x86_64-fedora-gcc | 1.1.3 | 159.41 | OK | |||
r-devel-macos-arm64 | 1.1.2 | 37.00 | OK | |||
r-devel-macos-x86_64 | 1.1.3 | 85.00 | OK | |||
r-devel-windows-x86_64 | 1.1.2 | 49.00 | 82.00 | 131.00 | OK | |
r-patched-linux-x86_64 | 1.1.2 | 48.52 | 36.07 | 84.59 | OK | |
r-release-linux-x86_64 | 1.1.2 | 48.58 | 36.07 | 84.65 | OK | |
r-release-macos-arm64 | 1.1.2 | 28.00 | NOTE | |||
r-release-macos-x86_64 | 1.1.3 | 78.00 | NOTE | |||
r-release-windows-x86_64 | 1.1.2 | 51.00 | 79.00 | 130.00 | OK | |
r-oldrel-macos-arm64 | 1.1.2 | 49.00 | NOTE | |||
r-oldrel-macos-x86_64 | 1.1.3 | 80.00 | NOTE | |||
r-oldrel-windows-x86_64 | 1.1.3 | 52.00 | 120.00 | 172.00 | OK |
Version: 1.1.2
Check: installed package size
Result: NOTE
installed size is 6.8Mb
sub-directories of 1Mb or more:
libs 6.6Mb
Flavors: r-release-macos-arm64, r-oldrel-macos-arm64
Version: 1.1.3
Check: installed package size
Result: NOTE
installed size is 7.1Mb
sub-directories of 1Mb or more:
libs 6.8Mb
Flavors: r-release-macos-x86_64, r-oldrel-macos-x86_64