CRAN Package Check Results for Package PAGWAS

Last updated on 2025-04-30 04:50:13 CEST.

Flavor Version Tinstall Tcheck Ttotal Status Flags
r-devel-linux-x86_64-debian-clang 2.0 2.00 20.98 22.98 NOTE
r-devel-linux-x86_64-debian-gcc 2.0 1.43 16.91 18.34 NOTE
r-devel-linux-x86_64-fedora-clang 2.0 34.94 OK
r-devel-linux-x86_64-fedora-gcc 2.0 33.24 OK
r-devel-windows-x86_64 2.0 3.00 48.00 51.00 OK
r-patched-linux-x86_64 2.0 1.64 20.12 21.76 OK
r-release-linux-x86_64 2.0 1.73 19.68 21.41 OK
r-release-macos-arm64 2.0 18.00 OK
r-release-macos-x86_64 2.0 26.00 OK
r-release-windows-x86_64 2.0 3.00 47.00 50.00 OK
r-oldrel-macos-arm64 2.0 16.00 OK
r-oldrel-macos-x86_64 2.0 24.00 OK
r-oldrel-windows-x86_64 2.0 4.00 46.00 50.00 OK

Check Details

Version: 2.0
Check: CRAN incoming feasibility
Result: NOTE Maintainer: ‘Marina Evangelou <m.evangelou@ic.ac.uk>’ No Authors@R field in DESCRIPTION. Please add one, modifying Authors@R: person(given = "Marina", family = "Evangelou", role = c("aut", "cre"), email = "m.evangelou@ic.ac.uk") as necessary. Flavors: r-devel-linux-x86_64-debian-clang, r-devel-linux-x86_64-debian-gcc