Last updated on 2025-04-30 04:50:13 CEST.
Flavor | Version | Tinstall | Tcheck | Ttotal | Status | Flags |
---|---|---|---|---|---|---|
r-devel-linux-x86_64-debian-clang | 1.0.1 | 9.82 | 62.06 | 71.88 | NOTE | |
r-devel-linux-x86_64-debian-gcc | 1.0.1 | 8.60 | 49.50 | 58.10 | NOTE | |
r-devel-linux-x86_64-fedora-clang | 1.0.1 | 109.10 | OK | |||
r-devel-linux-x86_64-fedora-gcc | 1.0.1 | 122.44 | OK | |||
r-devel-windows-x86_64 | 1.0.1 | 15.00 | 79.00 | 94.00 | OK | |
r-patched-linux-x86_64 | 1.0.1 | 11.07 | 58.02 | 69.09 | OK | |
r-release-linux-x86_64 | 1.0.1 | 9.70 | 58.67 | 68.37 | OK | |
r-release-macos-arm64 | 1.0.1 | 4.00 | ERROR | |||
r-release-macos-x86_64 | 1.0.1 | 93.00 | OK | |||
r-release-windows-x86_64 | 1.0.1 | 15.00 | 84.00 | 99.00 | OK | |
r-oldrel-macos-arm64 | 1.0.1 | 47.00 | OK | |||
r-oldrel-macos-x86_64 | 1.0.1 | 69.00 | OK | |||
r-oldrel-windows-x86_64 | 1.0.1 | 19.00 | 97.00 | 116.00 | OK |
Version: 1.0.1
Check: examples
Result: NOTE
Examples with CPU (user + system) or elapsed time > 5s
user system elapsed
score_drugs 8.087 0.737 10.731
Flavor: r-devel-linux-x86_64-debian-clang
Version: 1.0.1
Check: examples
Result: NOTE
Examples with CPU (user + system) or elapsed time > 5s
user system elapsed
score_drugs 5.996 0.418 8.313
Flavor: r-devel-linux-x86_64-debian-gcc
Version: 1.0.1
Check: package dependencies
Result: ERROR
Package required but not available: ‘org.Hs.eg.db’
See section ‘The DESCRIPTION file’ in the ‘Writing R Extensions’
manual.
Flavor: r-release-macos-arm64