Last updated on 2025-04-30 04:50:14 CEST.
Flavor | Version | Tinstall | Tcheck | Ttotal | Status | Flags |
---|---|---|---|---|---|---|
r-devel-linux-x86_64-debian-clang | 1.3 | 5.38 | 48.35 | 53.73 | NOTE | |
r-devel-linux-x86_64-debian-gcc | 1.3 | 3.30 | 34.37 | 37.67 | OK | |
r-devel-linux-x86_64-fedora-clang | 1.3 | 77.84 | OK | |||
r-devel-linux-x86_64-fedora-gcc | 1.3 | 75.25 | OK | |||
r-devel-windows-x86_64 | 1.3 | 7.00 | 88.00 | 95.00 | OK | |
r-patched-linux-x86_64 | 1.3 | 5.98 | 44.33 | 50.31 | OK | |
r-release-linux-x86_64 | 1.3 | 5.17 | 43.65 | 48.82 | OK | |
r-release-macos-arm64 | 1.3 | 27.00 | OK | |||
r-release-macos-x86_64 | 1.3 | 49.00 | OK | |||
r-release-windows-x86_64 | 1.3 | 7.00 | 88.00 | 95.00 | OK | |
r-oldrel-macos-arm64 | 1.3 | 25.00 | OK | |||
r-oldrel-macos-x86_64 | 1.3 | 42.00 | OK | |||
r-oldrel-windows-x86_64 | 1.3 | 8.00 | 95.00 | 103.00 | OK |
Version: 1.3
Check: examples
Result: NOTE
Examples with CPU (user + system) or elapsed time > 5s
user system elapsed
ksdist 4.082 0 5.066
Flavor: r-devel-linux-x86_64-debian-clang