Last updated on 2025-04-30 04:50:14 CEST.
Flavor | Version | Tinstall | Tcheck | Ttotal | Status | Flags |
---|---|---|---|---|---|---|
r-devel-linux-x86_64-debian-clang | 1.0 | 5.35 | 48.00 | 53.35 | NOTE | |
r-devel-linux-x86_64-debian-gcc | 1.0 | 3.82 | 33.93 | 37.75 | NOTE | |
r-devel-linux-x86_64-fedora-clang | 1.0 | 75.22 | OK | |||
r-devel-linux-x86_64-fedora-gcc | 1.0 | 71.95 | OK | |||
r-devel-windows-x86_64 | 1.0 | 7.00 | 64.00 | 71.00 | OK | |
r-patched-linux-x86_64 | 1.0 | 5.98 | 45.46 | 51.44 | OK | |
r-release-linux-x86_64 | 1.0 | 5.46 | 45.16 | 50.62 | OK | |
r-release-macos-arm64 | 1.0 | 26.00 | OK | |||
r-release-macos-x86_64 | 1.0 | 46.00 | OK | |||
r-release-windows-x86_64 | 1.0 | 8.00 | 66.00 | 74.00 | OK | |
r-oldrel-macos-arm64 | 1.0 | 24.00 | OK | |||
r-oldrel-macos-x86_64 | 1.0 | 37.00 | OK | |||
r-oldrel-windows-x86_64 | 1.0 | 9.00 | 76.00 | 85.00 | OK |
Version: 1.0
Check: CRAN incoming feasibility
Result: NOTE
Maintainer: ‘Yukun Zhang <yukzhang@ucalgary.ca>’
No Authors@R field in DESCRIPTION.
Please add one, modifying
Authors@R: c(person(given = "Yukun",
family = "Zhang",
role = c("aut", "cre"),
email = "yukzhang@ucalgary.ca"),
person(given = "Milad",
family = "Yavari",
role = "aut"),
person(given = "Bob",
family = "Haennel",
role = "aut"),
person(given = "Haocheng",
family = "Li",
role = c("aut", "ctb")))
as necessary.
Flavors: r-devel-linux-x86_64-debian-clang, r-devel-linux-x86_64-debian-gcc