Last updated on 2025-07-05 04:50:21 CEST.
Flavor | Version | Tinstall | Tcheck | Ttotal | Status | Flags |
---|---|---|---|---|---|---|
r-devel-linux-x86_64-debian-clang | 1.0 | 6.16 | 47.19 | 53.35 | NOTE | |
r-devel-linux-x86_64-debian-gcc | 1.0 | 4.12 | 35.13 | 39.25 | NOTE | |
r-devel-linux-x86_64-fedora-clang | 1.0 | 87.34 | OK | |||
r-devel-linux-x86_64-fedora-gcc | 1.0 | 80.90 | OK | |||
r-devel-windows-x86_64 | 1.0 | 8.00 | 62.00 | 70.00 | OK | |
r-patched-linux-x86_64 | 1.0 | 5.38 | 44.88 | 50.26 | OK | |
r-release-linux-x86_64 | 1.0 | 5.40 | 45.32 | 50.72 | OK | |
r-release-macos-arm64 | 1.0 | 26.00 | OK | |||
r-release-macos-x86_64 | 1.0 | 46.00 | OK | |||
r-release-windows-x86_64 | 1.0 | 9.00 | 66.00 | 75.00 | OK | |
r-oldrel-macos-arm64 | 1.0 | 24.00 | OK | |||
r-oldrel-macos-x86_64 | 1.0 | 37.00 | OK | |||
r-oldrel-windows-x86_64 | 1.0 | 10.00 | 79.00 | 89.00 | OK |
Version: 1.0
Check: CRAN incoming feasibility
Result: NOTE
Maintainer: ‘Yukun Zhang <yukzhang@ucalgary.ca>’
No Authors@R field in DESCRIPTION.
Please add one, modifying
Authors@R: c(person(given = "Yukun",
family = "Zhang",
role = c("aut", "cre"),
email = "yukzhang@ucalgary.ca"),
person(given = "Milad",
family = "Yavari",
role = "aut"),
person(given = "Bob",
family = "Haennel",
role = "aut"),
person(given = "Haocheng",
family = "Li",
role = c("aut", "ctb")))
as necessary.
Flavors: r-devel-linux-x86_64-debian-clang, r-devel-linux-x86_64-debian-gcc