Last updated on 2025-04-30 04:50:14 CEST.
Flavor | Version | Tinstall | Tcheck | Ttotal | Status | Flags |
---|---|---|---|---|---|---|
r-devel-linux-x86_64-debian-clang | 0.1.10 | 23.21 | 155.85 | 179.06 | NOTE | |
r-devel-linux-x86_64-debian-gcc | 0.1.10 | 15.60 | 106.73 | 122.33 | NOTE | |
r-devel-linux-x86_64-fedora-clang | 0.1.10 | 264.03 | OK | |||
r-devel-linux-x86_64-fedora-gcc | 0.1.10 | 253.85 | OK | |||
r-devel-windows-x86_64 | 0.1.10 | 27.00 | 165.00 | 192.00 | NOTE | |
r-patched-linux-x86_64 | 0.1.10 | 20.48 | 140.54 | 161.02 | NOTE | |
r-release-linux-x86_64 | 0.1.10 | 21.57 | 139.55 | 161.12 | NOTE | |
r-release-macos-arm64 | 0.1.10 | 87.00 | OK | |||
r-release-macos-x86_64 | 0.1.10 | 188.00 | OK | |||
r-release-windows-x86_64 | 0.1.10 | 26.00 | 165.00 | 191.00 | NOTE | |
r-oldrel-macos-arm64 | 0.1.10 | 70.00 | OK | |||
r-oldrel-macos-x86_64 | 0.1.10 | 104.00 | OK | |||
r-oldrel-windows-x86_64 | 0.1.10 | 32.00 | 216.00 | 248.00 | OK |
Version: 0.1.10
Check: CRAN incoming feasibility
Result: NOTE
Maintainer: ‘Xiaorui (Jeremy) Zhu <zhuxiaorui1989@gmail.com>’
The URL field contains the following bad parts:
GitHub:
The URL field should be a list of URLs separated by commas or
whitespace.
Flavors: r-devel-linux-x86_64-debian-clang, r-devel-linux-x86_64-debian-gcc
Version: 0.1.10
Check: Rd cross-references
Result: NOTE
Found the following Rd file(s) with Rd \link{} targets missing package
anchors:
plot.Rd: ggplot2
Please provide package anchors for all Rd \link{} targets not in the
package itself and the base packages.
Flavors: r-devel-linux-x86_64-debian-clang, r-devel-linux-x86_64-debian-gcc, r-devel-windows-x86_64, r-patched-linux-x86_64, r-release-linux-x86_64, r-release-windows-x86_64
Version: 0.1.10
Check: examples
Result: NOTE
Examples with CPU (user + system) or elapsed time > 5s
user system elapsed
diagnostic.plot 5.473 0.571 6.856
test 5.530 0.052 6.705
Flavor: r-devel-linux-x86_64-debian-clang
Version: 0.1.10
Check: examples
Result: NOTE
Examples with CPU (user + system) or elapsed time > 5s
user system elapsed
diagnostic.plot 3.828 0.181 5.829
test 3.641 0.084 6.106
Flavor: r-devel-linux-x86_64-debian-gcc