CRAN Package Check Results for Package PBNPA

Last updated on 2025-02-22 05:51:46 CET.

Flavor Version Tinstall Tcheck Ttotal Status Flags
r-devel-linux-x86_64-debian-clang 0.0.3 1.47 19.11 20.58 OK
r-devel-linux-x86_64-debian-gcc 0.0.3 1.41 14.78 16.19 OK
r-devel-linux-x86_64-fedora-clang 0.0.3 33.90 OK
r-devel-linux-x86_64-fedora-gcc 0.0.3 32.41 OK
r-devel-macos-arm64 0.0.3 14.00 OK
r-devel-macos-x86_64 0.0.3 22.00 OK
r-devel-windows-x86_64 0.0.3 2.00 46.00 48.00 OK
r-patched-linux-x86_64 0.0.3 1.59 18.15 19.74 NOTE
r-release-linux-x86_64 0.0.3 1.61 18.30 19.91 NOTE
r-release-macos-arm64 0.0.3 15.00 NOTE
r-release-macos-x86_64 0.0.3 19.00 NOTE
r-release-windows-x86_64 0.0.3 3.00 42.00 45.00 NOTE
r-oldrel-macos-arm64 0.0.3 15.00 NOTE
r-oldrel-macos-x86_64 0.0.3 20.00 NOTE
r-oldrel-windows-x86_64 0.0.3 3.00 43.00 46.00 NOTE

Check Details

Version: 0.0.3
Check: LazyData
Result: NOTE 'LazyData' is specified without a 'data' directory Flavors: r-patched-linux-x86_64, r-release-linux-x86_64, r-release-macos-arm64, r-release-macos-x86_64, r-release-windows-x86_64, r-oldrel-macos-arm64, r-oldrel-macos-x86_64, r-oldrel-windows-x86_64