Last updated on 2025-04-29 04:50:12 CEST.
Flavor | Version | Tinstall | Tcheck | Ttotal | Status | Flags |
---|---|---|---|---|---|---|
r-devel-linux-x86_64-debian-clang | 0.1.1 | 7.71 | 88.83 | 96.54 | OK | |
r-devel-linux-x86_64-debian-gcc | 0.1.1 | 6.23 | 75.33 | 81.56 | NOTE | |
r-devel-linux-x86_64-fedora-clang | 0.1.1 | 131.15 | OK | |||
r-devel-linux-x86_64-fedora-gcc | 0.1.1 | 125.79 | OK | |||
r-devel-windows-x86_64 | 0.1.1 | 9.00 | 86.00 | 95.00 | OK | |
r-patched-linux-x86_64 | 0.1.1 | 7.79 | 87.61 | 95.40 | OK | |
r-release-linux-x86_64 | 0.1.1 | 7.61 | 87.30 | 94.91 | OK | |
r-release-macos-arm64 | 0.1.1 | 40.00 | OK | |||
r-release-macos-x86_64 | 0.1.1 | 75.00 | OK | |||
r-release-windows-x86_64 | 0.1.1 | 11.00 | 86.00 | 97.00 | OK | |
r-oldrel-macos-arm64 | 0.1.1 | 43.00 | OK | |||
r-oldrel-macos-x86_64 | 0.1.1 | 110.00 | OK | |||
r-oldrel-windows-x86_64 | 0.1.1 | 13.00 | 104.00 | 117.00 | OK |
Version: 0.1.1
Check: examples
Result: NOTE
Examples with CPU (user + system) or elapsed time > 5s
user system elapsed
multiple_metagenes 9.995 0.188 6.782
score_metagene 9.147 0.028 5.559
plot_metagene 6.402 0.028 3.952
Get_Novel_DMRs 6.311 0.047 3.786
Flavor: r-devel-linux-x86_64-debian-gcc