Last updated on 2025-02-22 05:51:46 CET.
Flavor | Version | Tinstall | Tcheck | Ttotal | Status | Flags |
---|---|---|---|---|---|---|
r-devel-linux-x86_64-debian-clang | 1.1.13 | 5.64 | 64.48 | 70.12 | NOTE | |
r-devel-linux-x86_64-debian-gcc | 1.1.13 | 4.86 | 46.42 | 51.28 | NOTE | |
r-devel-linux-x86_64-fedora-clang | 1.1.13 | 113.29 | OK | |||
r-devel-linux-x86_64-fedora-gcc | 1.1.13 | 127.17 | OK | |||
r-devel-macos-arm64 | 1.1.13 | 42.00 | OK | |||
r-devel-macos-x86_64 | 1.1.13 | 78.00 | OK | |||
r-devel-windows-x86_64 | 1.1.13 | 9.00 | 97.00 | 106.00 | NOTE | |
r-patched-linux-x86_64 | 1.1.13 | 8.33 | 60.55 | 68.88 | OK | |
r-release-linux-x86_64 | 1.1.13 | 6.70 | 60.50 | 67.20 | OK | |
r-release-macos-arm64 | 1.1.13 | 41.00 | OK | |||
r-release-macos-x86_64 | 1.1.13 | 77.00 | OK | |||
r-release-windows-x86_64 | 1.1.13 | 8.00 | 91.00 | 99.00 | OK | |
r-oldrel-macos-arm64 | 1.1.13 | 47.00 | OK | |||
r-oldrel-macos-x86_64 | 1.1.13 | 72.00 | OK | |||
r-oldrel-windows-x86_64 | 1.1.13 | 10.00 | 101.00 | 111.00 | OK |
Version: 1.1.13
Check: Rd cross-references
Result: NOTE
Found the following Rd file(s) with Rd \link{} targets missing package
anchors:
agfun.Rd: detectChangePointBatch, specc, cpt.mean
brokenStick.Rd: SamplePCA
spca-data.Rd: SamplePCA
Please provide package anchors for all Rd \link{} targets not in the
package itself and the base packages.
Flavors: r-devel-linux-x86_64-debian-clang, r-devel-linux-x86_64-debian-gcc, r-devel-windows-x86_64