CRAN Package Check Results for Package PCLassoReg

Last updated on 2025-04-30 04:50:14 CEST.

Flavor Version Tinstall Tcheck Ttotal Status Flags
r-devel-linux-x86_64-debian-clang 1.0.0 7.09 95.92 103.01 NOTE
r-devel-linux-x86_64-debian-gcc 1.0.0 5.37 66.58 71.95 OK
r-devel-linux-x86_64-fedora-clang 1.0.0 158.34 NOTE
r-devel-linux-x86_64-fedora-gcc 1.0.0 169.39 NOTE
r-devel-windows-x86_64 1.0.0 8.00 108.00 116.00 OK
r-patched-linux-x86_64 1.0.0 6.78 93.96 100.74 OK
r-release-linux-x86_64 1.0.0 5.92 92.68 98.60 OK
r-release-macos-arm64 1.0.0 58.00 OK
r-release-macos-x86_64 1.0.0 111.00 OK
r-release-windows-x86_64 1.0.0 9.00 113.00 122.00 OK
r-oldrel-macos-arm64 1.0.0 50.00 OK
r-oldrel-macos-x86_64 1.0.0 82.00 OK
r-oldrel-windows-x86_64 1.0.0 9.00 127.00 136.00 OK

Check Details

Version: 1.0.0
Check: examples
Result: NOTE Examples with CPU (user + system) or elapsed time > 5s user system elapsed plot.cv.PCLasso 3.263 0.087 5.084 Flavor: r-devel-linux-x86_64-debian-clang

Version: 1.0.0
Check: dependencies in R code
Result: NOTE Namespace in Imports field not imported from: ‘survival’ All declared Imports should be used. Flavors: r-devel-linux-x86_64-fedora-clang, r-devel-linux-x86_64-fedora-gcc