CRAN Package Check Results for Package PCMBase

Last updated on 2025-04-30 04:50:14 CEST.

Flavor Version Tinstall Tcheck Ttotal Status Flags
r-devel-linux-x86_64-debian-clang 1.2.14 26.22 236.65 262.87 NOTE
r-devel-linux-x86_64-debian-gcc 1.2.14 16.20 155.98 172.18 NOTE
r-devel-linux-x86_64-fedora-clang 1.2.14 441.14 OK
r-devel-linux-x86_64-fedora-gcc 1.2.14 398.09 OK
r-devel-windows-x86_64 1.2.14 27.00 226.00 253.00 NOTE
r-patched-linux-x86_64 1.2.14 28.84 222.02 250.86 NOTE
r-release-linux-x86_64 1.2.14 24.72 220.50 245.22 NOTE
r-release-macos-arm64 1.2.14 104.00 OK
r-release-macos-x86_64 1.2.14 223.00 OK
r-release-windows-x86_64 1.2.14 30.00 239.00 269.00 NOTE
r-oldrel-macos-arm64 1.2.14 99.00 OK
r-oldrel-macos-x86_64 1.2.14 177.00 OK
r-oldrel-windows-x86_64 1.2.14 35.00 298.00 333.00 OK

Check Details

Version: 1.2.14
Check: Rd cross-references
Result: NOTE Found the following Rd file(s) with Rd \link{} targets missing package anchors: PCMOptions.Rd: vcv PCMTreeVCV.Rd: vcv Please provide package anchors for all Rd \link{} targets not in the package itself and the base packages. Flavors: r-devel-linux-x86_64-debian-clang, r-devel-linux-x86_64-debian-gcc, r-devel-windows-x86_64, r-patched-linux-x86_64, r-release-linux-x86_64, r-release-windows-x86_64

Version: 1.2.14
Check: examples
Result: NOTE Examples with CPU (user + system) or elapsed time > 5s user system elapsed PCMTrajectory 5.511 0.011 6.018 PCMSim 5.138 0.074 6.814 PCMTreeBackbonePartition 4.631 0.028 5.566 Flavor: r-devel-linux-x86_64-debian-clang

Version: 1.2.14
Check: examples
Result: NOTE Examples with CPU (user + system) or elapsed time > 5s user system elapsed PCMTrajectory 3.596 0.09 5.061 Flavor: r-devel-linux-x86_64-debian-gcc